{"id":491,"date":"2022-10-05T07:21:59","date_gmt":"2022-10-05T07:21:59","guid":{"rendered":"https:\/\/bookscollective.vn\/?post_type=product&#038;p=491"},"modified":"2022-10-05T07:22:00","modified_gmt":"2022-10-05T07:22:00","slug":"mat-nao-xanh-nhat","status":"publish","type":"product","link":"https:\/\/bookscollective.vn\/index.php\/product\/mat-nao-xanh-nhat\/","title":{"rendered":"M\u1eaft n\u00e0o xanh nh\u1ea5t"},"content":{"rendered":"<p>M\u1eaft N\u00e0o Xanh Nh\u1ea5t C\u1ea3 \u0111\u1eddi Pecola ch\u1ec9 ao \u01b0\u1edbc m\u1ed9t \u0111\u00f4i m\u1eaft xanh. M\u1eaft xanh xinh \u0111\u1eb9p, m\u1eaft m\u00e0u thi\u00ean thanh, m\u1eaft xanh nh\u01b0 m\u1eaft Shirley Temple t\u00f3c v\u00e0ng da tr\u1eafng. \u0110\u00f4i m\u1eaft xanh l\u00e0 hi v\u1ecdng duy nh\u1ea5t \u0111\u1ec3 con b\u00e9 da \u0111en nh\u00ecn cu\u1ed9c s\u1ed1ng kh\u00e1c \u0111i, \u0111\u1ec3 th\u1ea5y m\u00ecnh kh\u00f4ng x\u1ea5u x\u00ed, kh\u00f4ng b\u1ecb ch\u00e0 \u0111\u1ea1p, \u0111\u01b0\u1ee3c t\u1ef1 do v\u00e0 \u0111\u01b0\u1ee3c y\u00eau th\u01b0\u01a1ng. Nh\u01b0ng ti\u1ebfc thay, ph\u00e9p l\u1ea1 kh\u00f4ng c\u00f3 th\u1eadt. L\u1ea5y tr\u1ecdng t\u00e2m l\u00e0 bi k\u1ecbch n\u1ed9i ho\u00e1 v\u00e0 c\u0103m gh\u00e9t ch\u00ednh m\u00ecnh \u0111\u1ebfn c\u1ef1c \u0111oan c\u1ee7a Pecola, ti\u1ec3u thuy\u1ebft \u0111\u1ea7u tay c\u1ee7a Toni Morrison \u0111\u1eb7t ra c\u00e2u h\u1ecfi v\u1eabn v\u00f4 c\u00f9ng nh\u1ee9c nh\u1ed1i sau h\u01a1n n\u1eeda th\u1ebf k\u1ec9 k\u1ec3 t\u1eeb ng\u00e0y ra m\u1eaft: ai khi\u1ebfn con b\u00e9 c\u1ea3m th\u1ea5y r\u1eb1ng th\u00e0 l\u00e0m k\u1ebb qu\u00e1i d\u1ecb c\u00f2n h\u01a1n l\u00e0m ch\u00ednh m\u00ecnh? Ai \u0111\u00e3 nh\u00ecn n\u00f3 v\u00e0 th\u1ea5y n\u00f3 thi\u1ebfu th\u1ed1n nh\u01b0 v\u1eady, nh\u1ecf nh\u00edt nh\u01b0 v\u1eady tr\u00ean c\u00e1n c\u00e2n s\u1eafc \u0111\u1eb9p? Tr\u1ea7n tr\u1ee5i, kh\u1ed1c li\u1ec7t, \u0111au th\u01b0\u01a1ng, M\u1eaft n\u00e0o xanh nh\u1ea5t x\u1ee9ng \u0111\u00e1ng l\u00e0 m\u1ed9t trong nh\u1eefng \u0111\u1ea1i di\u1ec7n xu\u1ea5t s\u1eafc nh\u1ea5t c\u1ee7a n\u1ec1n v\u0103n h\u1ecdc hi\u1ec7n \u0111\u1ea1i M\u0129. M\u1eaft n\u00e0o xanh nh\u1ea5t l\u00e0 cu\u1ed1n ti\u1ec3u thuy\u1ebft \u0111\u1ea7u tay c\u1ee7a t\u00e1c gi\u1ea3 &#8230;<\/p>\n","protected":false},"excerpt":{"rendered":"<p>M\u1eaft n\u00e0o xanh nh\u1ea5t l\u00e0\u00a0<b>cu\u1ed1n ti\u1ec3u thuy\u1ebft \u0111\u1ea7u tay c\u1ee7a t\u00e1c gi\u1ea3 Toni Morrison<\/b>\u00a0(t\u00ean g\u1ed1c: The Bluest Eye \u2013 1970), k\u1ec3 v\u1ec1 Pecola \u2013 m\u1ed9t b\u00e9 g\u00e1i da \u0111en l\u1edbn l\u00ean \u1edf Lorain, Ohio (qu\u00ea h\u01b0\u01a1ng c\u1ee7a t\u00e1c gi\u1ea3) trong nh\u1eefng n\u0103m sau cu\u1ed9c \u0110\u1ea1i kh\u1ee7ng ho\u1ea3ng.<\/p>\n","protected":false},"featured_media":492,"comment_status":"open","ping_status":"closed","template":"","meta":[],"product_cat":[21],"product_tag":[],"class_list":["post-491","product","type-product","status-publish","has-post-thumbnail","hentry","product_cat-uncategorized"],"_links":{"self":[{"href":"https:\/\/bookscollective.vn\/index.php\/wp-json\/wp\/v2\/product\/491","targetHints":{"allow":["GET"]}}],"collection":[{"href":"https:\/\/bookscollective.vn\/index.php\/wp-json\/wp\/v2\/product"}],"about":[{"href":"https:\/\/bookscollective.vn\/index.php\/wp-json\/wp\/v2\/types\/product"}],"replies":[{"embeddable":true,"href":"https:\/\/bookscollective.vn\/index.php\/wp-json\/wp\/v2\/comments?post=491"}],"wp:featuredmedia":[{"embeddable":true,"href":"https:\/\/bookscollective.vn\/index.php\/wp-json\/wp\/v2\/media\/492"}],"wp:attachment":[{"href":"https:\/\/bookscollective.vn\/index.php\/wp-json\/wp\/v2\/media?parent=491"}],"wp:term":[{"taxonomy":"product_cat","embeddable":true,"href":"https:\/\/bookscollective.vn\/index.php\/wp-json\/wp\/v2\/product_cat?post=491"},{"taxonomy":"product_tag","embeddable":true,"href":"https:\/\/bookscollective.vn\/index.php\/wp-json\/wp\/v2\/product_tag?post=491"}],"curies":[{"name":"wp","href":"https:\/\/api.w.org\/{rel}","templated":true}]}}