{"id":463,"date":"2022-10-05T06:46:55","date_gmt":"2022-10-05T06:46:55","guid":{"rendered":"https:\/\/bookscollective.vn\/?post_type=product&#038;p=463"},"modified":"2022-10-05T06:46:55","modified_gmt":"2022-10-05T06:46:55","slug":"cai-dung-cua-thanh-nhan","status":"publish","type":"product","link":"https:\/\/bookscollective.vn\/index.php\/product\/cai-dung-cua-thanh-nhan\/","title":{"rendered":"C\u00e1i d\u0169ng c\u1ee7a th\u00e1nh nh\u00e2n"},"content":{"rendered":"<div class=\"description\">\n<p><strong>\u201cC\u00e1i D\u0169ng C\u1ee7a Th\u00e1nh Nh\u00e2n\u201d l\u00e0 cu\u1ed1n s\u00e1ch v\u1edbi n\u1ed9i dung ch\u00ednh l\u00e0 nh\u1eefng t\u00ednh c\u00e1ch, ph\u1ea9m ch\u1ea5t m\u00e0 con ng\u01b0\u1eddi c\u1ea7n c\u00f3 \u0111\u1ec3 c\u00f3 th\u1ec3 t\u0129nh t\u00e2m tr\u01b0\u1edbc nh\u1eefng gi\u00f4ng b\u00e3o c\u1ee7a cu\u1ed9c \u0111\u1eddi.<\/strong><\/p>\n<h2>S\u00e1ch C\u00e1i D\u0169ng C\u1ee7a Th\u00e1nh Nh\u00e2n\u00a0gi\u00fap ta r\u00e8n luy\u1ec7n v\u00e0 h\u1ecdc t\u1eadp \u0111\u1ee9c t\u00ednh t\u1ed1t \u0111\u1eb9p c\u1ee7a ng\u01b0\u1eddi x\u01b0a, \u0111\u1eb7c bi\u1ec7t l\u00e0 d\u0169ng kh\u00ed \u0111\u1ec3 kh\u00f4ng b\u1ecb nh\u1eefng t\u00e1c \u0111\u1ed9ng c\u1ee7a b\u00ean ngo\u00e0i \u1ea3nh h\u01b0\u1edfng x\u1ea5u t\u1edbi ch\u00fang ta.<\/h2>\n<p>Th\u1eddi x\u01b0a, nh\u1eefng ng\u01b0\u1eddi kh\u00e1c bi\u1ec7t, \u0111i\u1ec1m \u0111\u1ea1m, \u0111\u1ea1t t\u1edbi \u0111\u1ec9nh cao c\u1ee7a s\u1ef1 b\u00ecnh y\u00ean trong t\u00e2m h\u1ed3n v\u00e0 d\u00e1m \u0111\u01b0\u01a1ng \u0111\u1ea7u v\u1edbi th\u00e1ch th\u1ee9c th\u01b0\u1eddng \u0111\u01b0\u1ee3c g\u1ecdi l\u00e0 th\u00e1nh nh\u00e2n. Nh\u01b0ng kh\u00f4ng ph\u1ea3i b\u1ea9m sinh m\u00e0 h\u1ecd \u0111\u1ea1t \u0111\u01b0\u1ee3c nh\u01b0 v\u1eady. H\u1ecd v\u1eabn gi\u1ed1ng ng\u01b0\u1eddi th\u01b0\u1eddng, ch\u1ec9 l\u00e0 h\u1ecd c\u00f3 c\u00e1ch suy ngh\u0129 v\u00e0 t\u01b0 duy theo h\u01b0\u1edbng b\u00ecnh th\u1ea3n.<\/p>\n<p><em><strong>V\u1edbi l\u1eddi v\u0103n nh\u1eb9 nh\u00e0ng, th\u1ea5m th\u00eda, \u201cC\u00e1i D\u0169ng C\u1ee7a Th\u00e1nh Nh\u00e2n\u201d s\u1ebd ch\u1ec9 cho ch\u00fang ta t\u1eebng b\u01b0\u1edbc \u0111\u1ec3 \u0111\u1ea1t \u0111\u01b0\u1ee3c s\u1ef1 \u0111i\u1ec1m \u0111\u1ea1m m\u00e0 v\u1eabn ki\u00ean c\u01b0\u1eddng gi\u1ed1ng nh\u01b0 c\u00e1c th\u00e1nh nh\u00e2n.<\/strong><\/em><\/p>\n<p>Th\u1ee9 ta c\u1ea7n ch\u00ednh l\u00e0 t\u00e2m th\u1ee9c c\u1ee7a c\u1ee7a ch\u00fang ta, ph\u1ea3i th\u1eadt s\u1ef1 t\u0129nh t\u00e2m, t\u1eadp trung th\u00ec ch\u00fang ta m\u1edbi l\u00e0m \u0111\u01b0\u1ee3c nhi\u1ec1u \u0111i\u1ec1u \u00fd ngh\u0129a. \u1ede m\u1ecdi th\u1eddi \u0111\u1ea1i, d\u00f9 qu\u00e1 kh\u1ee9, hi\u1ec7n t\u1ea1i hay t\u01b0\u01a1ng lai, con ng\u01b0\u1eddi c\u0169ng \u0111\u1ec1u c\u1ea7n \u0111\u1ebfn c\u00e1i d\u0169ng, s\u1ef1 kh\u00f4n ngoan, \u0111i\u1ec1m t\u0129nh th\u00ec m\u1edbi \u0111\u1ed1i m\u1eb7t v\u00e0 v\u01b0\u1ee3t qua nh\u1eefng kh\u00f3 kh\u0103n \u0111\u01b0\u1ee3c.<\/p>\n<p>V\u00e0 ngay t\u1ea1i th\u1eddi \u0111i\u1ec3m n\u00e0y, ch\u00fang ta c\u0169ng c\u1ea7n nh\u01b0 v\u1eady, c\u1ea7n r\u00e8n luy\u1ec7n v\u00e0 t\u00ecm hi\u1ec3u \u0111\u00fang \u0111\u1eafn nh\u01b0 trong cu\u1ed1n s\u00e1ch n\u00e0y m\u00e0 t\u00e1c gi\u1ea3 \u0111\u00e3 vi\u1ebft \u0111\u1ebfn.<\/p>\n<\/div>\n","protected":false},"excerpt":{"rendered":"<p>Trong c\u00e1i \u0111\u1eddi b\u1ea9n ch\u1eadt ngh\u00e8o n\u00e0n c\u1ee7a tinh th\u1ea7n ta, ta kh\u00f4ng c\u00f3 ch\u00fat quy\u1ec1n g\u00ec th\u1ec9nh tho\u1ea3ng ph\u00f3ng t\u1ea7m con m\u1eaft ta xa h\u01a1n v\u00e0 cao h\u01a1n n\u1eefa hay sao? Ng\u01b0\u1eddi ta s\u1ebd b\u1ea3o: \u201cC\u00e1i d\u0169ng c\u1ee7a th\u00e1nh nh\u00e2n ch\u1ec9 l\u00e0 M\u1ed9ng\u201d. V\u00e2ng! M\u1ed9t c\u00e1i m\u1ed9ng, v\u00e0 l\u00e0 m\u1ed9t c\u00e1i m\u1ed9ng tuy\u1ec7t \u0111\u1eb9p nh\u01b0 mu\u00f4n v\u00e0n m\u1ed9ng kh\u00e1c. Ng\u01b0\u1eddi ta h\u00e1 \u0111\u00e3 ch\u1eb3ng b\u1ea3o: \u201c\u0110\u1eb9p nh\u01b0 M\u1ed9ng\u201d? V\u1eady ch\u1ee9 l\u00fd t\u01b0\u1edfng l\u00e0 g\u00ec, n\u1ebfu kh\u00f4ng ph\u1ea3i l\u00e0 M\u1ed9ng? Ng\u00e0y n\u00e0o tr\u00ean th\u1ebf gian n\u00e0y con ng\u01b0\u1eddi h\u1ebft \u0111eo \u0111u\u1ed5i theo m\u1ed9t c\u00e1i m\u1ed9ng g\u00ec, ng\u00e0y \u1ea5y cu\u1ed9c ti\u1ebfn h\u00f3a c\u1ee7a lo\u00e0i ng\u01b0\u1eddi c\u0169ng s\u1ebd d\u1ee9t h\u1eb3n, m\u00e0 \u0111\u1eddi s\u1ed1ng c\u1ee7a m\u1ed7i m\u1ed9t ng\u01b0\u1eddi trong ch\u00fang ta c\u0169ng \u0111\u1ebfn l\u1ea1t l\u1ebdo v\u00f4 v\u1ecb nh\u01b0 n\u01b0\u1edbc \u1ed1c. Mi\u1ec5n l\u00e0 m\u1ed9ng c\u1ee7a ta \u0111\u1eebng ph\u1ea3i l\u00e0 \u1ea3o m\u1ed9ng th\u00ec th\u00f4i. Nh\u01b0ng n\u1ebfu \u2018C\u00e1i d\u0169ng c\u1ee7a Th\u00e1nh nh\u00e2n\u201d \u0111\u00e3 c\u00f3 nh\u1eefng ng\u01b0\u1eddi tr\u01b0\u1edbc ta h\u1ecd th\u00e0nh t\u1ef1u r\u1ed3i, th\u1eddi sao c\u00f3 th\u1ec3 g\u1ecdl l\u00e0 \u1ea3o m\u1ed9ng \u0111\u01b0\u1ee3c, trong khi ta c\u0169ng l\u00e0 Ng\u01b0\u1eddi nh\u01b0 h\u1ecd?<\/p>\n<p>Thu Giang NGUY\u1ec4N DUY C\u1ea6N, S\u00e0i th\u00e0nh, ng\u00e0y 13 th\u00e1ng 8 n\u0103m 1951<\/p>\n","protected":false},"featured_media":464,"comment_status":"open","ping_status":"closed","template":"","meta":[],"product_cat":[26],"product_tag":[],"class_list":["post-463","product","type-product","status-publish","has-post-thumbnail","hentry","product_cat-sach-van-hoc"],"_links":{"self":[{"href":"https:\/\/bookscollective.vn\/index.php\/wp-json\/wp\/v2\/product\/463","targetHints":{"allow":["GET"]}}],"collection":[{"href":"https:\/\/bookscollective.vn\/index.php\/wp-json\/wp\/v2\/product"}],"about":[{"href":"https:\/\/bookscollective.vn\/index.php\/wp-json\/wp\/v2\/types\/product"}],"replies":[{"embeddable":true,"href":"https:\/\/bookscollective.vn\/index.php\/wp-json\/wp\/v2\/comments?post=463"}],"wp:featuredmedia":[{"embeddable":true,"href":"https:\/\/bookscollective.vn\/index.php\/wp-json\/wp\/v2\/media\/464"}],"wp:attachment":[{"href":"https:\/\/bookscollective.vn\/index.php\/wp-json\/wp\/v2\/media?parent=463"}],"wp:term":[{"taxonomy":"product_cat","embeddable":true,"href":"https:\/\/bookscollective.vn\/index.php\/wp-json\/wp\/v2\/product_cat?post=463"},{"taxonomy":"product_tag","embeddable":true,"href":"https:\/\/bookscollective.vn\/index.php\/wp-json\/wp\/v2\/product_tag?post=463"}],"curies":[{"name":"wp","href":"https:\/\/api.w.org\/{rel}","templated":true}]}}