{"id":461,"date":"2022-10-05T06:43:45","date_gmt":"2022-10-05T06:43:45","guid":{"rendered":"https:\/\/bookscollective.vn\/?post_type=product&#038;p=461"},"modified":"2022-10-05T06:43:45","modified_gmt":"2022-10-05T06:43:45","slug":"da-lat-mot-thoi-huong-xa","status":"publish","type":"product","link":"https:\/\/bookscollective.vn\/index.php\/product\/da-lat-mot-thoi-huong-xa\/","title":{"rendered":"\u0110\u00e0 l\u1ea1t m\u1ed9t th\u1eddi h\u01b0\u01a1ng xa"},"content":{"rendered":"<p><strong>\u0110\u00e0 L\u1ea1t M\u1ed9t Th\u1eddi H\u01b0\u01a1ng Xa<\/strong><\/p>\n<p>\u0110\u00e0 L\u1ea1t \u0111\u01b0\u1ee3c ki\u1ebfn t\u1ea1o t\u1eeb nh\u1eefng cu\u1ed9c du h\u00e0nh v\u0103n h\u00f3a trong qu\u00e1 kh\u1ee9. \u0110\u00e0 L\u1ea1t t\u1eebng l\u00e0 kh\u00f4ng gian v\u0103n h\u00f3a \u0111\u00f4 th\u1ecb c\u00f3 s\u1ee9c h\u1ea5p d\u1eabn ri\u00eang, n\u01a1i g\u1eb7p g\u1ee1 c\u1ee7a nh\u1eefng kh\u00e1t v\u1ecdng tri th\u1ee9c l\u1edbn, \u0111i\u1ec3m \u0111\u1ebfn c\u1ee7a nh\u1eefng h\u00e0nh tr\u00ecnh s\u00e1ng t\u1ea1o \u0111\u1ea7y l\u00fd t\u01b0\u1edfng. T\u1ea5t c\u1ea3 \u0111\u1eb7c bi\u1ec7t c\u00f4 \u0111\u1ecdng trong giai \u0111o\u1ea1n hai m\u01b0\u01a1i n\u0103m m\u00e0 t\u00e1c gi\u1ea3 cu\u1ed1n s\u00e1ch n\u00e0y ch\u1ecdn kh\u1ea3o s\u00e1t &#8211; m\u1ed9t qu\u00e1 kh\u1ee9 g\u1ea7n &#8211; nh\u01b0ng d\u01b0\u1eddng nh\u01b0 \u0111ang \u0111\u1ee9ng tr\u01b0\u1edbc nguy c\u01a1 b\u1ecb ph\u1ee7 l\u1ea5p, x\u00f3a nh\u00f2a b\u1edfi b\u1ee5i th\u1eddi gian\u2026<\/p>\n<p>Nh\u00e2n v\u1eadt, s\u1ef1 ki\u1ec7n, hi\u1ec7n t\u01b0\u1ee3ng v\u0103n h\u00f3a \u0111\u01b0\u1ee3c ph\u1ee5c d\u1ef1ng l\u1ea1i b\u1eb1ng ghi ch\u00e9p \u0111i\u1ec1n d\u00e3 kh\u1ea3o c\u1ee9u, k\u1ebft n\u1ed1i t\u01b0 li\u1ec7u v\u00e0 nh\u1eefng ki\u1ebfn gi\u1ea3i ri\u00eang. Qu\u00e1 kh\u1ee9 \u0111\u01b0\u1ee3c \u0111\u1ed3ng hi\u1ec7n tr\u00ean n\u1ec1n v\u0103n phongv\u1eeba bay b\u1ed5ng v\u1eeba gi\u00e0u chi\u00eam nghi\u1ec7m, \u0111\u1ecbnh h\u00ecnh m\u1ed9t l\u1ed1i v\u0103n v\u1edbi \u0110\u00e0 L\u1ea1t, c\u1ee7a ri\u00eang \u0110\u00e0 L\u1ea1t.<\/p>\n<p>V\u1edbi cu\u1ed1n du kh\u1ea3o n\u00e0y, Nguy\u1ec5n V\u0129nh Nguy\u00ean kh\u00f4ng c\u00f2n l\u00e0 ng\u01b0\u1eddi l\u1eef kh\u00e1ch c\u1ee7a v\u00f9ng tr\u1eddi s\u01b0\u01a1ng kh\u00f3i ri\u00eang t\u01b0 n\u1eefa, m\u00e0 l\u00e0 m\u1ed9t nh\u00e0 du h\u00e0nh, tri h\u00e0nh \u0111\u01b0\u1eddng d\u00e0i, d\u1ea5n b\u01b0\u1edbc trong \u0111\u01a1n \u0111\u1ed9c v\u1ec1 mi\u1ec1n qu\u00e1 kh\u1ee9 v\u1edbi kh\u00e1t khao \u0111\u01b0\u1ee3c ch\u00ecm \u0111\u1eafm v\u00e0o t\u00e2m h\u1ed3n c\u1ee7a \u0111\u00f4 th\u1ecb th\u1eddi ho\u00e0ng kim.<\/p>\n<p>M\u00f3n qu\u00e0 d\u00e0nh cho nh\u1eefng ng\u01b0\u1eddi y\u00eau v\u00e0 th\u1ef1c l\u00f2ng mu\u1ed1n hi\u1ec3u gi\u00e1 tr\u1ecb \u0110\u00e0 L\u1ea1t!<\/p>\n","protected":false},"excerpt":{"rendered":"<p>\u0110\u00fang nh\u01b0 t\u00e1c gi\u1ea3 \u0111\u00e3 n\u00eau tr\u00ean b\u00eca s\u00e1ch,\u00a0<em>\u0110\u00e0 L\u1ea1t m\u1ed9t th\u1eddi h\u01b0\u01a1ng xa<\/em>\u00a0l\u00e0 nh\u1eefng chuy\u1ebfn du kh\u1ea3o v\u0103n h\u00f3a v\u1ec1 mi\u1ec1n \u0111\u1ea5t m\u1ed9ng. M\u1ed7i chuy\u1ebfn h\u00e0nh tr\u00ecnh \u201c\u0111i t\u00ecm th\u1eddi gian \u0111\u00e3 m\u1ea5t\u201d l\u00e0 m\u1ed9t t\u00e2m c\u1ea3nh kh\u00e1c nhau, l\u00fac t\u1ec9nh t\u00e1o, l\u00fac ng\u1ea5t ng\u00e2y, th\u00f4i th\u00fac b\u1eb1ng m\u00f3n n\u1ee3 t\u00ecnh c\u1ea3m v\u00e0 tinh th\u1ea7n c\u1ee7a ri\u00eang t\u00e1c gi\u1ea3 v\u1edbi th\u00e0nh ph\u1ed1 n\u00e0y.<\/p>\n<p>\u0110\u1ecdc tr\u00ean tinh th\u1ea7n \u0111\u00f3, t\u00f4i ngh\u0129 \u0111\u00e2y l\u00e0 cu\u1ed1n s\u00e1ch s\u1ebd c\u00f3 s\u1ee9c s\u1ed1ng l\u00e2u, \u0111\u01b0\u1ee3c nhi\u1ec1u ng\u01b0\u1eddi \u0111\u1ecdc. B\u1edfi c\u00f3 ai kh\u00f4ng si t\u00ecnh \u0110\u00e0 L\u1ea1t! Nh\u01b0ng \u0110\u00e0 L\u1ea1t c\u1ee7a \u201cm\u1ed9t th\u1eddi h\u01b0\u01a1ng xa\u201d th\u1eadt s\u1ef1 \u0111\u00e3 xa v\u1eddi v\u1ee3i.<\/p>\n<p>V\u1edbi\u00a0<em>\u0110\u00e0 L\u1ea1t m\u1ed9t th\u1eddi h\u01b0\u01a1ng xa<\/em>, Nguy\u1ec5n V\u0129nh Nguy\u00ean ru\u1ed5i rong \u0111i t\u00ecm nh\u1eefng m\u1ea3nh t\u00ecnh y\u00eau \u0111\u01a1n l\u1ebb kh\u00f4ng r\u00f5 nh\u00e2n d\u1ea1ng \u0111\u1ec3 c\u1ed1 hi\u1ec3u t\u1ea1i sao \u0110\u00e0 L\u1ea1t quy\u1ebfn r\u0169 anh nh\u01b0 v\u1eady. Nh\u01b0ng t\u00ecnh y\u00eau c\u00e0ng \u0111\u1eafm say c\u00e0ng th\u00e1ch th\u1ee9c m\u1ecdi ki\u1ebfn gi\u1ea3i.<\/p>\n","protected":false},"featured_media":462,"comment_status":"open","ping_status":"closed","template":"","meta":[],"product_cat":[26],"product_tag":[],"class_list":["post-461","product","type-product","status-publish","has-post-thumbnail","hentry","product_cat-sach-van-hoc"],"_links":{"self":[{"href":"https:\/\/bookscollective.vn\/index.php\/wp-json\/wp\/v2\/product\/461","targetHints":{"allow":["GET"]}}],"collection":[{"href":"https:\/\/bookscollective.vn\/index.php\/wp-json\/wp\/v2\/product"}],"about":[{"href":"https:\/\/bookscollective.vn\/index.php\/wp-json\/wp\/v2\/types\/product"}],"replies":[{"embeddable":true,"href":"https:\/\/bookscollective.vn\/index.php\/wp-json\/wp\/v2\/comments?post=461"}],"wp:featuredmedia":[{"embeddable":true,"href":"https:\/\/bookscollective.vn\/index.php\/wp-json\/wp\/v2\/media\/462"}],"wp:attachment":[{"href":"https:\/\/bookscollective.vn\/index.php\/wp-json\/wp\/v2\/media?parent=461"}],"wp:term":[{"taxonomy":"product_cat","embeddable":true,"href":"https:\/\/bookscollective.vn\/index.php\/wp-json\/wp\/v2\/product_cat?post=461"},{"taxonomy":"product_tag","embeddable":true,"href":"https:\/\/bookscollective.vn\/index.php\/wp-json\/wp\/v2\/product_tag?post=461"}],"curies":[{"name":"wp","href":"https:\/\/api.w.org\/{rel}","templated":true}]}}