{"id":455,"date":"2022-10-05T06:27:45","date_gmt":"2022-10-05T06:27:45","guid":{"rendered":"https:\/\/bookscollective.vn\/?post_type=product&#038;p=455"},"modified":"2022-10-05T06:28:51","modified_gmt":"2022-10-05T06:28:51","slug":"su-an-ui-cua-triet-hoc","status":"publish","type":"product","link":"https:\/\/bookscollective.vn\/index.php\/product\/su-an-ui-cua-triet-hoc\/","title":{"rendered":"S\u1ef1 an \u1ee7i c\u1ee7a tri\u1ebft h\u1ecdc"},"content":{"rendered":"<div class=\"ce-block\">\n<div class=\"ce-block__content\">\n<div class=\"ce-paragraph cdx-block ce-paragraph--left\">H\u1ecdc tri\u1ebft v\u00e0 \u0111\u1ecdc c\u00e1c t\u00e1c ph\u1ea9m tri\u1ebft h\u1ecdc, l\u00e0 h\u1ecdc c\u00e1ch s\u1ed1ng sao cho h\u1ea1nh ph\u00fac v\u00e0 \u00fd ngh\u0129a.<\/div>\n<\/div>\n<\/div>\n<div class=\"ce-block\">\n<div class=\"ce-block__content\">\n<div class=\"ce-paragraph cdx-block ce-paragraph--left\">S\u00e1ch vi\u1ebft v\u1ec1 gi\u1ea3i ph\u00e1p cho nh\u1eefng b\u1ea5t an v\u00e0 lo \u00e2u ta g\u1eb7p ph\u1ea3i trong cu\u1ed9c s\u1ed1ng, b\u1eb1ng c\u00e1ch vi\u1ec7n d\u1eabn nh\u1eefng c\u00e1ch gi\u1ea3i quy\u1ebft (Trong t\u01b0 t\u01b0\u1edfng) c\u1ee7a nh\u1eefng Tri\u1ebft gia v\u0129 \u0111\u1ea1i Nh\u01b0 Socrates, Epicurus, Seneca, Montaigne, Schopenhauer, v\u00e0 Nietzsche. H\u1ecd c\u00f3 c\u00e2u tr\u1ea3 l\u1eddi r\u00f5 r\u00e0ng cho nh\u1eefng b\u1ea5t an c\u1ee7a ta v\u1ec1 nh\u1eefng v\u1ea5n \u0111\u1ec1 g\u00ec?<\/div>\n<\/div>\n<\/div>\n<div class=\"ce-block\">\n<div class=\"ce-block__content\">\n<div class=\"ce-paragraph cdx-block ce-paragraph--left\">V\u1ec1 s\u1ef1 y\u00eau th\u00edch.<\/div>\n<\/div>\n<\/div>\n<div class=\"ce-block\">\n<div class=\"ce-block__content\">\n<div class=\"ce-paragraph cdx-block ce-paragraph--left\">V\u1ec1 ti\u1ec1n b\u1ea1c, v\u1eadt ch\u1ea5t.<\/div>\n<\/div>\n<\/div>\n<div class=\"ce-block\">\n<div class=\"ce-block__content\">\n<div class=\"ce-paragraph cdx-block ce-paragraph--left\">V\u1ec1 n\u1ed7i th\u1ea5t v\u1ecdng.<\/div>\n<\/div>\n<\/div>\n<div class=\"ce-block\">\n<div class=\"ce-block__content\">\n<div class=\"ce-paragraph cdx-block ce-paragraph--left\">V\u1ec1 s\u1ef1 thi\u1ebfu th\u1ed1n.<\/div>\n<\/div>\n<\/div>\n<div class=\"ce-block\">\n<div class=\"ce-block__content\">\n<div class=\"ce-paragraph cdx-block ce-paragraph--left\">V\u1ec1 T\u00ecnh y\u00eau tan v\u1ee1.<\/div>\n<\/div>\n<\/div>\n<div class=\"ce-block\">\n<div class=\"ce-block__content\">\n<div class=\"ce-paragraph cdx-block ce-paragraph--left\">V\u1ec1 nh\u1eefng kh\u00f3 kh\u0103n.<\/div>\n<div>\n<div class=\"ce-block\">\n<div class=\"ce-block__content\">\n<div class=\"ce-paragraph cdx-block ce-paragraph--left\">M\u1ed9t s\u1ed1 tr\u00edch d\u1eabn hay trong s\u00e1ch \u0111\u1ec3 tham kh\u1ea3o:<\/div>\n<\/div>\n<\/div>\n<div class=\"ce-block\">\n<div class=\"ce-block__content\">\n<div class=\"ce-paragraph cdx-block ce-paragraph--left\">\u201cCh\u00fang ta s\u1ebd \u0111\u01b0\u1ee3c t\u01b0\u1edfng th\u01b0\u1edfng x\u1ee9ng \u0111\u00e1ng n\u1ebfu c\u1ed1 g\u1eafng lu\u00f4n nghe theo s\u1ef1 ph\u00e1n x\u00e9t c\u1ee7a l\u1eadp lu\u1eadn\u201d.<\/div>\n<\/div>\n<\/div>\n<div class=\"ce-block\">\n<div class=\"ce-block__content\">\n<div class=\"ce-paragraph cdx-block ce-paragraph--left\">\u201c\u0110\u01b0\u1ee3c v\u00e2y quanh b\u1ea1n b\u00e8 ngh\u0129a l\u00e0 b\u1ea3n th\u1ec3 c\u1ee7a ch\u00fang ta \u0111\u01b0\u1ee3c kh\u1eb3ng \u0111\u1ecbnh\u201d.<\/div>\n<\/div>\n<\/div>\n<div class=\"ce-block\">\n<div class=\"ce-block__content\">\n<div class=\"ce-paragraph cdx-block ce-paragraph--left\">\u201cNh\u1eefng \u0111\u1ed3 v\u1eadt \u0111\u1eaft gi\u00e1 mang l\u1ea1i c\u1ea3m gi\u00e1c gi\u1ed1ng nh\u01b0 l\u00e0 gi\u1ea3i ph\u00e1p h\u1ee3p l\u00fd cho nh\u1eefng nhu c\u1ea7u m\u00e0 ta kh\u00f4ng hi\u1ec3u\u201d.<\/div>\n<\/div>\n<\/div>\n<div class=\"ce-block\">\n<div class=\"ce-block__content\">\n<div class=\"ce-paragraph cdx-block ce-paragraph--left\">\u201cM\u1ecdi s\u1ef1 th\u1ea5t v\u1ecdng \u0111\u1ec1u c\u00f3 m\u1ed9t c\u1ea5u tr\u00fac c\u01a1 b\u1ea3n: \u0110\u00f3 l\u00e0 s\u1ef1 va ch\u1ea1m gi\u1eefa m\u1ed9t mong mu\u1ed1n, v\u1edbi th\u1ef1c t\u1ebf kh\u00f4ng gi\u1ed1ng nh\u01b0 v\u1eady\u201d.<\/div>\n<\/div>\n<\/div>\n<div class=\"ce-block\">\n<div class=\"ce-block__content\">\n<div class=\"ce-paragraph cdx-block ce-paragraph--left\">\u201cS\u1ef1 t\u1ee9c gi\u1eadn kh\u00f4ng xu\u1ea5t ph\u00e1t t\u1eeb s\u1ef1 b\u00f9ng b\u1ed5 c\u1ea3m x\u00fac kh\u00f4ng th\u1ec3 ki\u1ec3m so\u00e1t, m\u00e0 t\u1eeb m\u1ed9t sai l\u1ea7m c\u01a1 b\u1ea3n trong l\u1eadp lu\u1eadn\u201d.<\/div>\n<\/div>\n<\/div>\n<div class=\"ce-block\">\n<div class=\"ce-block__content\">\n<div class=\"ce-paragraph cdx-block ce-paragraph--left\">\u201cNg\u01b0\u1eddi th\u00f4ng th\u00e1i c\u1ea3m th\u1ea5y \u0111\u1ee7, ngh\u0129a l\u00e0 c\u00f3 th\u1ec3 s\u1ed1ng m\u00e0 kh\u00f4ng c\u00f3 b\u1ea1n b\u00e8, ch\u1ee9 kh\u00f4ng ph\u1ea3i anh ta mu\u1ed1n s\u1ed1ng m\u00e0 kh\u00f4ng c\u00f3 b\u1ea1n b\u00e8\u201d.<\/div>\n<\/div>\n<\/div>\n<div class=\"ce-block\">\n<div class=\"ce-block__content\">\n<div class=\"ce-paragraph cdx-block ce-paragraph--left\">\u201c\u0110i\u1ec1u m\u00e0 m\u1ed9t x\u00e3 h\u1ed9i cho l\u00e0 ky l\u1ea1, th\u00ec x\u00e3 h\u1ed9i kh\u00e1c, m\u1ed9t c\u00e1ch h\u1ee3p l\u00fd h\u01a1n, l\u1ea1i cho l\u00e0 b\u00ecnh th\u01b0\u1eddng\u201d.<\/div>\n<\/div>\n<\/div>\n<div class=\"ce-block\">\n<div class=\"ce-block__content\">\n<div class=\"ce-paragraph cdx-block ce-paragraph--left\">\u201cKhi t\u00ecnh y\u00eau l\u00e0m ta \u0111au kh\u1ed5, th\u00ec \u0111i\u1ec1u an \u1ee7i l\u00e0 \u0111\u01b0\u1ee3c bi\u1ebft r\u1eb1ng h\u1ea1nh ph\u00fac ch\u01b0a bao gi\u1edd n\u1eb1m trong k\u1ebf ho\u1ea1ch c\u1ee7a t\u1ef1 nhi\u00ean\u201d.<\/div>\n<\/div>\n<\/div>\n<div class=\"ce-block\">\n<div class=\"ce-block__content\">\n<div class=\"ce-paragraph cdx-block ce-paragraph--left\">\u201cNh\u1eefng c\u00f4ng tr\u00ecnh m\u00e3n nguy\u1ec7n nh\u1ea5t c\u1ee7a con ng\u01b0\u1eddi d\u01b0\u1eddng nh\u01b0 kh\u00f4ng t\u00e1ch r\u1eddi s\u1ef1 \u0111au kh\u1ed5 \u1edf m\u1ee9c \u0111\u1ed9 n\u00e0o \u0111\u00f3\u201d.<\/div>\n<\/div>\n<\/div>\n<div class=\"ce-block\">\n<div class=\"ce-block__content\">\n<div class=\"ce-paragraph cdx-block ce-paragraph--left\">\u201cTr\u1edf n\u00ean v\u0129 \u0111\u1ea1i nh\u1edd \u1ee9ng x\u1eed m\u1ed9t c\u00e1ch th\u00f4ng minh v\u1edbi c\u1ea3m gi\u00e1c k\u00e9m c\u1ecfi, c\u00e1i c\u00f3 th\u1ec3 khi\u1ebfn nh\u1eefng ng\u01b0\u1eddi kh\u00e1c tr\u1edf n\u00ean tuy\u1ec7t v\u1ecdng\u201d.<\/div>\n<\/div>\n<\/div>\n<\/div>\n<\/div>\n<\/div>\n","protected":false},"excerpt":{"rendered":"<p><strong>&#8220;G\u1ea7n g\u0169i v\u00e0 d\u1ec5 \u0111\u1ecd \u0110\u1ed9c \u0111\u00e1o m\u1ed9t c\u00e1ch th\u00fa v\u1ecb, tr\u00e0n ng\u1eadp nh\u1eef c\u00e2u chuy\u1ec7n ng\u1ee5 ng\u00f4n hi\u1ec7n \u0111\u1ea1i d\u00ed d\u1ecfm.&#8221;<\/strong><\/p>\n<p>Ch\u00fang ta s\u1ed1ng ng\u00e0y n\u00e0y qua ng\u00e0y kh\u00e1c c\u00f9ng nh\u1eefng n\u1ed7i b\u1eadn t\u00e2m: kh\u00f4ng ti\u1ec1n, th\u1ea5t t\u00ecnh, thi\u1ebfu th\u1ed1n v\u1eadt ch\u1ea5t v\u00e0 tinh th\u1ea7n, lo l\u1eafng, s\u1ee3 th\u1ea5t b\u1ea1i v\u00e0 gi\u1ea3m \u00e1p l\u1ef1c ph\u1ea3i h\u00e0nh x\u1eed theo chu\u1ea9n m\u1ef1 N\u1ed7i b\u1eadn t\u00e2m nh\u1ecf khi\u1ebfn ta d\u1eb1n v\u1eb7t. N\u1ed7i b\u1eadn t\u00e2m l\u1edbn c\u00f3 th\u1ec3 hu\u1ef7 ho\u1ea1i c\u1ea3 \u0111\u1eddi ng\u01b0\u1eddi. Alain de Botton vi\u1ebft v\u1ec1 c\u00e1ch m\u00e0 c\u00e1c b\u1ed9 \u00f3c v\u0129 \u0111\u1ea1i nh\u1ea5t trong l\u1ecbch s\u1eed tri\u1ebft h\u1ecdc b\u00e0n v\u1ec1 nh\u1eefng n\u1ed7i b\u1eadn t\u00e2m, ni\u1ec1m \u0111au kh\u1ed5 trong cu\u1ed9c s\u1ed1ng th\u01b0\u1eddng ng\u00e0y \u1ea5y. Khi kh\u00f4ng \u0111\u01b0\u1ee3c \u01b0a th\u00edch, khi ch\u1ecbu \u00e1p l\u1ef1c ph\u1ea3i h\u00e0nh x\u1eed theo chu\u1ea9n m\u1ef1, ta c\u00f3 th\u1ec3 t\u00ecm \u0111\u1ebfn Socrates. Khi kh\u00f4ng c\u00f3 ti\u1ec1n, ta c\u00f3 th\u1ec3 h\u1ecfi \u00fd ki\u1ebfn Epicurus. C\u00f2n khi th\u1ea5t t\u00ecnh, ta ho\u00e0n to\u00e0n c\u00f3 th\u1ec3 chia s\u1ebb v\u1edbi Schopenhauer.<\/p>\n<p>Qua t\u01b0 t\u01b0\u1edfng c\u1ee7a s\u00e1u tri\u1ebft gia v\u0129 \u0111\u1ea1i, de Botton \u0111\u00e3 \u0111\u01b0a tri\u1ebft h\u1ecdc tr\u1edf l\u1ea1i v\u1edbi m\u1ee5c \u0111\u00edch gi\u1ea3n d\u1ecb v\u00e0 quan tr\u1ecdng nh\u1ea5t c\u1ee7a n\u00f3: gi\u00fap ch\u00fang ta s\u1ed1ng cu\u1ed9c \u0111\u1eddi c\u1ee7a m\u00ecnh.<\/p>\n","protected":false},"featured_media":456,"comment_status":"open","ping_status":"closed","template":"","meta":[],"product_cat":[21,26],"product_tag":[],"class_list":["post-455","product","type-product","status-publish","has-post-thumbnail","hentry","product_cat-uncategorized","product_cat-sach-van-hoc"],"_links":{"self":[{"href":"https:\/\/bookscollective.vn\/index.php\/wp-json\/wp\/v2\/product\/455","targetHints":{"allow":["GET"]}}],"collection":[{"href":"https:\/\/bookscollective.vn\/index.php\/wp-json\/wp\/v2\/product"}],"about":[{"href":"https:\/\/bookscollective.vn\/index.php\/wp-json\/wp\/v2\/types\/product"}],"replies":[{"embeddable":true,"href":"https:\/\/bookscollective.vn\/index.php\/wp-json\/wp\/v2\/comments?post=455"}],"wp:featuredmedia":[{"embeddable":true,"href":"https:\/\/bookscollective.vn\/index.php\/wp-json\/wp\/v2\/media\/456"}],"wp:attachment":[{"href":"https:\/\/bookscollective.vn\/index.php\/wp-json\/wp\/v2\/media?parent=455"}],"wp:term":[{"taxonomy":"product_cat","embeddable":true,"href":"https:\/\/bookscollective.vn\/index.php\/wp-json\/wp\/v2\/product_cat?post=455"},{"taxonomy":"product_tag","embeddable":true,"href":"https:\/\/bookscollective.vn\/index.php\/wp-json\/wp\/v2\/product_tag?post=455"}],"curies":[{"name":"wp","href":"https:\/\/api.w.org\/{rel}","templated":true}]}}