{"id":380,"date":"2022-10-04T10:56:03","date_gmt":"2022-10-04T10:56:03","guid":{"rendered":"https:\/\/bookscollective.vn\/?post_type=product&#038;p=380"},"modified":"2022-10-04T10:56:03","modified_gmt":"2022-10-04T10:56:03","slug":"ai-do-dong-rac-o-day","status":"publish","type":"product","link":"https:\/\/bookscollective.vn\/index.php\/product\/ai-do-dong-rac-o-day\/","title":{"rendered":"Ai \u0111\u1ed5 \u0111\u1ed1ng r\u00e1c \u1edf \u0111\u00e2y"},"content":{"rendered":"<p><strong>Ai \u0110\u1ed5 \u0110\u1ed1ng R\u00e1c \u1ede \u0110\u00e2y?<\/strong><\/p>\n<p>L\u00e0 cu\u1ed1n s\u00e1ch th\u00fa v\u1ecb v\u1ec1 nh\u1eefng c\u00e2u chuy\u1ec7n nguy\u00ean th\u1ee7y h\u00e0i h\u01b0\u1edbc, tr\u00e0n \u0111\u00e0y t\u00ednh nh\u00e2n v\u0103n s\u00e2u s\u1eafc v\u00e0 nh\u1eefng l\u1eddi khuy\u00ean gi\u1ea3n d\u1ecb. T\u1eeb \u0111\u00f3 th\u1ea5y \u0111\u01b0\u1ee3c tr\u00ed tu\u1ec7 tuy\u1ec7t v\u1eddi c\u1ee7a\u00a0Ajahn Brahm,\u00a0r\u00fat ra cho b\u1ea3n th\u00e2n nh\u1eefng tr\u1ea3i nghi\u1ec7m trong cu\u1ed9c s\u1ed1ng. Cu\u1ed1n s\u00e1ch \u0111\u00e3 truy\u1ec1n c\u1ea3m h\u1ee9ng cho nhi\u1ec1u ng\u01b0\u1eddi v\u1ec1 m\u1ecdi c\u1ea3m x\u00fac, tuy l\u00e0 m\u1ed9t cu\u1ed1n s\u00e1ch t\u00e2m linh nh\u01b0ng cu\u1ed1n s\u00e1ch n\u00e0y l\u1ea1i r\u1ea5t h\u00e0i h\u01b0\u1edbc mang \u0111\u1ebfn cho b\u1ea1n \u0111\u1ecdc c\u1ea3m gi\u00e1c th\u01b0 th\u00e1i v\u00e0 suy ngh\u1eabm v\u1ec1 cu\u1ed9c \u0111\u1eddi, mang \u0111\u1ebfn s\u1ef1 n\u00e2ng cao tr\u00ed tu\u1ec7 v\u1ec1 t\u00ecnh y\u00eau v\u00e0 cu\u1ed9c s\u1ed1ng ph\u00f9 h\u1ee3p v\u1edbi nhi\u1ec1u l\u1ee9a tu\u1ed5i \u0111\u1ec3 m\u1ecdi ng\u01b0\u1eddi nu\u00f4i d\u01b0\u1ee1ng c\u1ea3m x\u00fac v\u00e0 t\u00e2m h\u1ed3n. M\u00f4\u0323t trong nh\u01b0\u0303ng quy\u00ea\u0309n sa\u0301ch r\u00e2\u0301t hay va\u0300 y\u0301 nghi\u0303a cu\u0309a\u00a0Ajahn Brahm.<\/p>\n","protected":false},"excerpt":{"rendered":"<div class=\"product_view_tab_content_ad\">\n<div id=\"product_tabs_description_contents\">\n<div id=\"desc_content\" class=\"std\">\n<p>\u201cM\u1ed9t trong nh\u1eefng cu\u1ed1n s\u00e1ch t\u00e2m linh th\u00fa v\u1ecb nh\u1ea5t! Tr\u00e0n \u0111\u1ea7y h\u00e0i h\u01b0\u1edbc, nh\u00e2n v\u0103n v\u00e0 thi\u1ec7n \u00fd.\u201d<\/p>\n<p>Spiritual and Practice<\/p>\n<p>Gi\u1eefa nh\u1eefng c\u00e2u chuy\u1ec7n Ph\u1eadt gi\u00e1o kinh \u0111i\u1ec3n v\u00e0 l\u1eddi khuy\u00ean gi\u1ea3n d\u1ecb, b\u1ea1n s\u1ebd c\u00f3 m\u1ed9t c\u1ea3m nh\u1eadn v\u1ec1 tr\u00ed tu\u1ec7 c\u1ee7a Ajahn Brahm v\u00e0 hi\u1ec3u t\u1ea1i sao nhi\u1ec1u ng\u01b0\u1eddi b\u1ecb cu\u1ed1n h\u00fat t\u1edbi nh\u1eefng thuy\u1ebft gi\u1ea3ng c\u1ee7a \u00f4ng v\u1ec1 Ph\u1eadt gi\u00e1o Nguy\u00ean th\u1ee7y.<\/p>\n<p>Shambhala Sun<\/p>\n<p>Th\u1eadt s\u1ef1 truy\u1ec1n c\u1ea3m h\u1ee9ng v\u00e0 v\u00f4 c\u00f9ng d\u00ed d\u1ecfm, nh\u1eefng c\u00e2u chuy\u1ec7n v\u00e0 nh\u1eefng suy ng\u1eabm ng\u1eafn trong s\u00e1ch Ai \u0111\u1ed5 \u0111\u1ed1ng r\u00e1c \u1edf \u0111\u00e2y? mang l\u1ea1i cho ch\u00fang ta tr\u00ed tu\u1ec7 phi th\u1eddi gian v\u1ec1 m\u1ecdi ch\u1ee7 \u0111\u1ec1, t\u1eeb t\u00ecnh y\u00eau v\u00e0 s\u1ef1 cam k\u1ebft \u0111\u1ebfn n\u1ed7i s\u1ee3 h\u00e3i v\u00e0 \u0111au \u0111\u1edbn. R\u00fat ra t\u1eeb tr\u1ea3i nghi\u1ec7m s\u1ed1ng c\u1ee7a ch\u00ednh m\u00ecnh c\u0169ng nh\u01b0 nh\u1eefng truy\u1ec7n c\u1ed5 Ph\u1eadt gi\u00e1o, Ajahn Brahm t\u1ea1o ra m\u1ed9t cu\u1ed1n s\u00e1ch tuy\u1ec7t v\u1eddi cho m\u1ecdi l\u1ee9a tu\u1ed5i.<\/p>\n<div class=\"clear\"><\/div>\n<\/div>\n<\/div>\n<\/div>\n<div class=\"clear\"><\/div>\n<div>\n<div class=\"product_view_tab_content_ad_more\">\n<div class=\"product_view_tab_content_additional\">\n<table class=\"data-table table-additional\">\n<colgroup>\n<col width=\"25%\" \/>\n<col \/><\/colgroup>\n<tbody>\n<tr>\n<th class=\"table-label\">M\u00e3 h\u00e0ng<\/th>\n<td class=\"data_sku\">8935074114983<\/td>\n<\/tr>\n<tr>\n<th class=\"table-label\">T\u00ean Nh\u00e0 Cung C\u1ea5p<\/th>\n<td class=\"data_supplier\"><a class=\"xem-chi-tiet\" href=\"https:\/\/www.fahasa.com\/van-lang-books?fhs_campaign=ATTRIBUTE_PRODUCT\">Cty V\u0103n H\u00f3a V\u0103n Lang<\/a><\/td>\n<\/tr>\n<tr>\n<th class=\"table-label\">T\u00e1c gi\u1ea3<\/th>\n<td class=\"data_author\">Ajahn Brahm<\/td>\n<\/tr>\n<tr>\n<th class=\"table-label\">Ng\u01b0\u1eddi D\u1ecbch<\/th>\n<td class=\"data_translator\">H\u00e2n Nhi<\/td>\n<\/tr>\n<tr>\n<th class=\"table-label\">NXB<\/th>\n<td class=\"data_publisher\">NXB H\u1ed3ng \u0110\u1ee9c<\/td>\n<\/tr>\n<tr>\n<th class=\"table-label\">N\u0103m XB<\/th>\n<td class=\"data_publish_year\">2019<\/td>\n<\/tr>\n<tr>\n<th class=\"table-label\">Tr\u1ecdng l\u01b0\u1ee3ng (gr)<\/th>\n<td class=\"data_weight\">350<\/td>\n<\/tr>\n<tr>\n<th class=\"table-label\">K\u00edch Th\u01b0\u1edbc Bao B\u00ec<\/th>\n<td class=\"data_size\">13.5 x 21<\/td>\n<\/tr>\n<tr>\n<th class=\"table-label\">S\u1ed1 trang<\/th>\n<td class=\"data_qty_of_page\">328<\/td>\n<\/tr>\n<tr>\n<th class=\"table-label\">H\u00ecnh th\u1ee9c<\/th>\n<td class=\"data_book_layout\">B\u00eca M\u1ec1m<\/td>\n<\/tr>\n<tr>\n<th class=\"table-label\">S\u1ea3n ph\u1ea9m b\u00e1n ch\u1ea1y nh\u1ea5t<\/th>\n<td><a href=\"https:\/\/www.fahasa.com\/sach-trong-nuoc\/tam-ly-ky-nang-song\/ky-nang-song.html?order=num_orders_month\">Top 100 s\u1ea3n ph\u1ea9m K\u1ef9 n\u0103ng s\u1ed1ng b\u00e1n ch\u1ea1y c\u1ee7a th\u00e1ng<\/a><\/td>\n<\/tr>\n<tr>\n<td colspan=\"2\">Gi\u00e1 s\u1ea3n ph\u1ea9m tr\u00ean Fahasa.com \u0111\u00e3 bao g\u1ed3m thu\u1ebf theo lu\u1eadt hi\u1ec7n h\u00e0nh. B\u00ean c\u1ea1nh \u0111\u00f3, tu\u1ef3 v\u00e0o lo\u1ea1i s\u1ea3n ph\u1ea9m, h\u00ecnh th\u1ee9c v\u00e0 \u0111\u1ecba ch\u1ec9 giao h\u00e0ng m\u00e0 c\u00f3 th\u1ec3 ph\u00e1t sinh th\u00eam chi ph\u00ed kh\u00e1c nh\u01b0 Ph\u1ee5 ph\u00ed \u0111\u00f3ng g\u00f3i, ph\u00ed v\u1eadn chuy\u1ec3n, ph\u1ee5 ph\u00ed h\u00e0ng c\u1ed3ng k\u1ec1nh,&#8230;<\/td>\n<\/tr>\n<\/tbody>\n<\/table>\n<\/div>\n<div class=\"clear\"><\/div>\n<div id=\"product_tabs_description_contents\">\n<div id=\"desc_content\" class=\"std\">\n<p>\u201cM\u1ed9t trong nh\u1eefng cu\u1ed1n s\u00e1ch t\u00e2m linh th\u00fa v\u1ecb nh\u1ea5t! Tr\u00e0n \u0111\u1ea7y h\u00e0i h\u01b0\u1edbc, nh\u00e2n v\u0103n v\u00e0 thi\u1ec7n \u00fd.\u201d<\/p>\n<p>Spiritual and Practice<\/p>\n<p>Gi\u1eefa nh\u1eefng c\u00e2u chuy\u1ec7n Ph\u1eadt gi\u00e1o kinh \u0111i\u1ec3n v\u00e0 l\u1eddi khuy\u00ean gi\u1ea3n d\u1ecb, b\u1ea1n s\u1ebd c\u00f3 m\u1ed9t c\u1ea3m nh\u1eadn v\u1ec1 tr\u00ed tu\u1ec7 c\u1ee7a Ajahn Brahm v\u00e0 hi\u1ec3u t\u1ea1i sao nhi\u1ec1u ng\u01b0\u1eddi b\u1ecb cu\u1ed1n h\u00fat t\u1edbi nh\u1eefng thuy\u1ebft gi\u1ea3ng c\u1ee7a \u00f4ng v\u1ec1 Ph\u1eadt gi\u00e1o Nguy\u00ean th\u1ee7y.<\/p>\n<p>Shambhala Sun<\/p>\n<p>Th\u1eadt s\u1ef1 truy\u1ec1n c\u1ea3m h\u1ee9ng v\u00e0 v\u00f4 c\u00f9ng d\u00ed d\u1ecfm, nh\u1eefng c\u00e2u chuy\u1ec7n v\u00e0 nh\u1eefng suy ng\u1eabm ng\u1eafn trong s\u00e1ch Ai \u0111\u1ed5 \u0111\u1ed1ng r\u00e1c \u1edf \u0111\u00e2y? mang l\u1ea1i cho ch\u00fang ta tr\u00ed tu\u1ec7 phi th\u1eddi gian v\u1ec1 m\u1ecdi ch\u1ee7 \u0111\u1ec1, t\u1eeb t\u00ecnh y\u00eau v\u00e0 s\u1ef1 cam k\u1ebft \u0111\u1ebfn n\u1ed7i s\u1ee3 h\u00e3i v\u00e0 \u0111au \u0111\u1edbn. R\u00fat ra t\u1eeb tr\u1ea3i nghi\u1ec7m s\u1ed1ng c\u1ee7a ch\u00ednh m\u00ecnh c\u0169ng nh\u01b0 nh\u1eefng truy\u1ec7n c\u1ed5 Ph\u1eadt gi\u00e1o, Ajahn Brahm t\u1ea1o ra m\u1ed9t cu\u1ed1n s\u00e1ch tuy\u1ec7t v\u1eddi cho m\u1ecdi l\u1ee9a tu\u1ed5i.<\/p>\n<\/div>\n<\/div>\n<\/div>\n<\/div>\n","protected":false},"featured_media":381,"comment_status":"open","ping_status":"closed","template":"","meta":[],"product_cat":[23,29],"product_tag":[],"class_list":["post-380","product","type-product","status-publish","has-post-thumbnail","hentry","product_cat-sach","product_cat-sach-van-hoa"],"_links":{"self":[{"href":"https:\/\/bookscollective.vn\/index.php\/wp-json\/wp\/v2\/product\/380","targetHints":{"allow":["GET"]}}],"collection":[{"href":"https:\/\/bookscollective.vn\/index.php\/wp-json\/wp\/v2\/product"}],"about":[{"href":"https:\/\/bookscollective.vn\/index.php\/wp-json\/wp\/v2\/types\/product"}],"replies":[{"embeddable":true,"href":"https:\/\/bookscollective.vn\/index.php\/wp-json\/wp\/v2\/comments?post=380"}],"wp:featuredmedia":[{"embeddable":true,"href":"https:\/\/bookscollective.vn\/index.php\/wp-json\/wp\/v2\/media\/381"}],"wp:attachment":[{"href":"https:\/\/bookscollective.vn\/index.php\/wp-json\/wp\/v2\/media?parent=380"}],"wp:term":[{"taxonomy":"product_cat","embeddable":true,"href":"https:\/\/bookscollective.vn\/index.php\/wp-json\/wp\/v2\/product_cat?post=380"},{"taxonomy":"product_tag","embeddable":true,"href":"https:\/\/bookscollective.vn\/index.php\/wp-json\/wp\/v2\/product_tag?post=380"}],"curies":[{"name":"wp","href":"https:\/\/api.w.org\/{rel}","templated":true}]}}