{"id":378,"date":"2022-10-04T10:53:50","date_gmt":"2022-10-04T10:53:50","guid":{"rendered":"https:\/\/bookscollective.vn\/?post_type=product&#038;p=378"},"modified":"2022-10-04T10:53:50","modified_gmt":"2022-10-04T10:53:50","slug":"tu-luc-van-doan-voi-van-de-phu-nu-o-nuoc-ta","status":"publish","type":"product","link":"https:\/\/bookscollective.vn\/index.php\/product\/tu-luc-van-doan-voi-van-de-phu-nu-o-nuoc-ta\/","title":{"rendered":"T\u1ef1 L\u1ef1c V\u0103n \u0110o\u00e0n v\u1edbi v\u1ea5n \u0111\u1ec1 ph\u1ee5 n\u1eef \u1edf n\u01b0\u1edbc ta"},"content":{"rendered":"<div class=\"product_view_tab_content_ad\">\n<div id=\"product_tabs_description_contents\">\n<div id=\"desc_content\" class=\"std\">\n<p><strong>T\u00e1c ph\u1ea9m<\/strong><\/p>\n<p><em>T\u1ef1 L\u1ef1c v\u0103n \u0111o\u00e0n v\u1edbi V\u1ea5n \u0111\u1ec1 ph\u1ee5 n\u1eef \u1edf n\u01b0\u1edbc ta<\/em>\u00a0l\u00e0 m\u1ed9t c\u00f4ng tr\u00ecnh kh\u1ea3o c\u1ee9u \u0111\u01b0\u1ee3c bi\u00ean so\u1ea1n c\u00f4ng phu b\u1edfi nh\u00f3m chuy\u00ean gia thu\u1ed9c Vi\u1ec7n V\u0103n h\u1ecdc Vi\u1ec7t Nam. T\u00e1c ph\u1ea9m thu\u1ed9c T\u1ee7 s\u00e1ch Ph\u1ee5 n\u1eef t\u00f9ng th\u01b0 \u2013 T\u1ee7 s\u00e1ch Gi\u1edbi v\u00e0 Ph\u00e1t tri\u1ec3n c\u1ee7a Nh\u00e0 xu\u1ea5t b\u1ea3n Ph\u1ee5 n\u1eef VN, t\u1eeb khi kh\u1edfi l\u1eadp \u0111\u1ebfn nay v\u1ed1n \u0111\u00e3 v\u00e0 \u0111ang \u0111\u01b0\u1ee3c ghi nh\u1eadn t\u00edch c\u1ef1c t\u1eeb \u0111\u1ed9c gi\u1ea3 v\u00e0 gi\u1edbi chuy\u00ean m\u00f4n.<\/p>\n<p>Nh\u1eafc \u0111\u1ebfn m\u1ed1i li\u00ean quan gi\u1eefa T\u1ef1 L\u1ef1c v\u0103n \u0111o\u00e0n v\u1edbi v\u1ea5n \u0111\u1ec1 n\u1eef quy\u1ec1n, h\u1eb3n \u0111\u1ed9c gi\u1ea3 kh\u00f3 c\u00f3 th\u1ec3 kh\u00f4ng nh\u1eafc \u0111\u1ebfn b\u1ed9 t\u1ee9 ti\u1ec3u thuy\u1ebft l\u1eebng danh N\u1eeda ch\u1eebng xu\u00e2n (Kh\u00e1i H\u01b0ng), \u0110o\u1ea1n tuy\u1ec7t (Nh\u1ea5t Linh), L\u1ea1nh l\u00f9ng (Nh\u1ea5t Linh), Tho\u00e1t ly (Kh\u00e1i H\u01b0ng). Cho \u0111\u1ebfn nay, b\u1ed9 t\u1ee9 n\u00e0y v\u1eabn \u201c\u0111\u00e1ng \u0111\u01b0\u1ee3c xem l\u00e0 nh\u1eefng t\u00e1c ph\u1ea9m ti\u00eau bi\u1ec3u nh\u1ea5t, nh\u1eefng ti\u1ebfng n\u00f3i m\u1ea1nh m\u1ebd v\u00e0 quy\u1ebft li\u1ec7t nh\u1ea5t, trong cu\u1ed9c \u0111\u1ea5u tranh \u0111\u00f2i c\u00e1c quy\u1ec1n ph\u1ee5 n\u1eef v\u00e0 n\u1eef quy\u1ec1n \u1edf Vi\u1ec7t Nam l\u00fac b\u1ea5y gi\u1edd. Nh\u1eefng t\u00e1c ph\u1ea9m \u1ea5y \u0111\u00e3 v\u01b0\u1ee3t ra ngo\u00e0i khu\u00f4n kh\u1ed5 c\u1ee7a trang s\u00e1ch, c\u1ee7a c\u00e1c th\u1ee5 h\u01b0\u1edfng ngh\u1ec7 thu\u1eadt, \u0111\u1ec3 t\u00e1c \u0111\u1ed9ng v\u00e0o \u0111\u1eddi s\u1ed1ng, \u0111\u1ed9ng vi\u00ean v\u00e0 c\u1ed5 v\u0169 nh\u1eefng c\u00f4 g\u00e1i m\u1edbi kh\u1eb3ng \u0111\u1ecbnh gi\u00e1 tr\u1ecb c\u00e1 nh\u00e2n c\u00e1 th\u1ec3 c\u1ee7a m\u00ecnh, bi\u1ebft y\u00eau qu\u00fd tr\u00e2n tr\u1ecdng tu\u1ed5i xu\u00e2n, \u0111\u1ec3 \u201cl\u1ea1nh l\u00f9ng\u201d m\u00e0 \u201c\u0111o\u1ea1n tuy\u1ec7t\u201d v\u00e0 \u201ctho\u00e1t ly\u201d ch\u1ebf \u0111\u1ed9 v\u00e0 lu\u00e2n l\u00fd c\u0169, v\u1ed1n ch\u1ec9 b\u00f3p ngh\u1eb9t t\u1ef1 do v\u00e0 giam h\u00e3m ng\u01b0\u1eddi ph\u1ee5 n\u1eef v\u00e0o trong kh\u00f4ng gian v\u00e0 s\u1ef1 chuy\u00ean ch\u1ebf c\u1ee7a gia \u0111\u00ecnh tr\u01b0\u1edfng gi\u1ea3 truy\u1ec1n th\u1ed1ng.\u201d (\u0110o\u00e0n \u00c1nh D\u01b0\u01a1ng). Nh\u01b0ng kh\u00f4ng ch\u1ec9 c\u00f3 th\u1ebf, T\u1ef1 L\u1ef1c v\u0103n \u0111o\u00e0n c\u00f2n g\u00f3p nh\u1eefng ti\u1ebfng n\u00f3i thi\u1ebft th\u1ef1c h\u01a1n, v\u1edbi m\u1ed9t phong c\u00e1ch h\u00f3m h\u1ec9nh kh\u00f4ng th\u1ec3 l\u1eabn, v\u00e0o phong tr\u00e0o n\u1eef quy\u1ec1n \u0111ang d\u1ea5y l\u00ean m\u1ea1nh m\u1ebd l\u00fac b\u1ea5y gi\u1edd.<\/p>\n<p>T\u1eadp h\u1ee3p v\u00e0 tuy\u1ec3n ch\u1ecdn t\u1eeb c\u00e1c b\u00e0i b\u00e1o \u0111\u0103ng tr\u00ean t\u1edd b\u00e1o n\u1ed5i ti\u1ebfng c\u1ee7a nh\u00f3m T\u1ef1 L\u1ef1c v\u0103n \u0111o\u00e0n l\u00e0 Phong h\u00f3a v\u00e0 sau l\u00e0 Ng\u00e0y nay, cu\u1ed1n s\u00e1ch n\u00e0y g\u1ed3m c\u00e1c b\u00e0i vi\u1ebft chuy\u00ean v\u1ec1 v\u1ea5n \u0111\u1ec1 ph\u1ee5 n\u1eef. Kh\u00e1c v\u1edbi h\u00ecnh dung c\u1ee7a nhi\u1ec1u ng\u01b0\u1eddi, h\u00ecnh th\u1ee9c n\u1eef gi\u1edbi \u0111\u01b0\u1ee3c \u0111\u1eb7c bi\u1ec7t ch\u00fa tr\u1ecdng trong c\u00e1c \u0111\u1ec1 xu\u1ea5t c\u00e1ch t\u00e2n, l\u00e0 \u0111i\u1ec3m \u0111\u1eb7c bi\u1ec7t th\u00fa v\u1ecb c\u1ee7a \u201cn\u1eef quy\u1ec1n ki\u1ec3u T\u1ef1 L\u1ef1c\u201d, m\u00e0 \u0111i\u1ec3n h\u00ecnh l\u00e0 chuy\u00ean \u0111\u1ec1 l\u1eebng danh v\u1ec1 Y ph\u1ee5c ph\u1ee5 n\u1eef c\u1ee7a h\u1ecda s\u0129 Le mur Nguy\u1ec5n C\u00e1t T\u01b0\u1eddng, l\u00e0m d\u1ea5y l\u00ean c\u1ea3 \u201cm\u1ed9t cu\u1ed9c c\u00e1ch m\u1ea1ng\u201d m\u00e0 l\u1ecbch s\u1eed th\u1eddi trang Vi\u1ec7t Nam ghi nh\u1eadn nh\u01b0 m\u1ed9t m\u1ed1c son hi\u1ebfm c\u00f3. B\u00ean c\u1ea1nh vi\u1ec7c h\u01b0\u1edbng d\u1eabn ch\u1ea3i chu\u1ed1t s\u1eeda so\u1ea1n h\u00ecnh dong sao cho thanh l\u1ecbch v\u00e0 h\u1ee3p th\u1eddi (m\u1ed9t c\u00e1ch kh\u00f3 c\u00f3 th\u1ec3 chi ti\u1ebft h\u01a1n), nh\u1eefng b\u00e0i vi\u1ebft b\u00e0n v\u1ec1 c\u00f4ng, ng\u00f4n, h\u1ea1nh xu\u1ea5t hi\u1ec7n \u0111\u1ec1u \u0111\u1eb7n v\u00e0 kh\u00e1 nhi\u1ec7t th\u00e0nh trong vi\u1ec7c k\u00eau g\u1ecdi c\u00e1c b\u00e0 c\u00e1c c\u00f4 tho\u00e1t b\u1ecf c\u00e1i c\u1ed5 h\u1ee7 l\u1ea1c h\u1eadu, \u0111\u00f3n ch\u00e0o ti\u1ebfp thu c\u00e1i m\u1edbi, t\u00e2n ti\u1ebfn. \u0110i\u1ec3m h\u1ea5p d\u1eabn kh\u00f4ng th\u1ec3 b\u1ecf qua n\u1eefa l\u00e0 c\u00e1c b\u00e0i vi\u1ebft th\u1eddi s\u1ef1, t\u01b0\u1eddng thu\u1eadt c\u00e1c ho\u1ea1t \u0111\u1ed9ng di\u1ec5n thuy\u1ebft \u201cnh\u1eddi \u0111\u00e0n b\u00e0\u201d, m\u1ed9t ho\u1ea1t \u0111\u1ed9ng n\u1ed5i \u0111\u00ecnh n\u1ed5i \u0111\u00e1m th\u1eddi \u0111\u00f3, c\u00e1c s\u1ef1 ki\u1ec7n th\u1eddi trang, l\u1ec5 l\u1ea1t&#8230; m\u00e0 \u1edf \u0111\u00f3 s\u1ee9c m\u1ea1nh c\u1ee7a phong tr\u00e0o gi\u1ea3i ph\u00f3ng n\u1eef gi\u1edbi th\u1ec3 hi\u1ec7n r\u00f5 r\u1ec7t s\u1eafc n\u00e9t h\u01a1n c\u1ea3.<\/p>\n<p>Nh\u1eefng di\u1ec5n ti\u1ebfn l\u1ecbch s\u1eed \u0111\u00f3 c\u1ee7a phong tr\u00e0o ph\u1ee5 n\u1eef \u0111\u1ea7u th\u1ebf k\u1ef7 \u0111\u01b0\u1ee3c thu\u1eadt l\u1ea1i tr\u00ean<em>\u00a0Phong h\u00f3a \u2013 Ng\u00e0y nay\u00a0<\/em>v\u1edbi m\u1ed9t phong c\u00e1ch ri\u00eang, h\u00f3m h\u1ec9nh v\u00e0 c\u00f3 \u0111\u00f4i ph\u1ea7n \u201c\u00e2u y\u1ebfm\u201d, ki\u1ec3u c\u1ee7a c\u00e1c b\u1eadc tu mi nam t\u1eed th\u00fa v\u1ecb ng\u1eafm m\u1ed9t n\u1eeda th\u1ebf gi\u1edbi n\u00f4 n\u1ee9c tr\u1ea9y h\u1ed9i, kh\u00f4ng kh\u1ecfi kh\u00f4ng bu\u00f4ng ch\u00fat tr\u00e0o ph\u00fang tinh ngh\u1ecbch c\u1ee7a nh\u1eefng b\u1eadc tr\u00ed gi\u1ea3 trong bu\u1ed5i \u0111\u1ea7u v\u0103n minh \u0111\u00f2i b\u00ecnh quy\u1ec1n c\u1ee7a gi\u1edbi qu\u1ea7n thoa.<\/p>\n<p>Nh\u00e0 xu\u1ea5t b\u1ea3n Ph\u1ee5 n\u1eef VN xin tr\u00e2n tr\u1ecdng \u0111\u01b0\u1ee3c gi\u1edbi thi\u1ec7u c\u00f9ng b\u1ea1n \u0111\u1ecdc.<\/p>\n<p><strong>V\u1ec1 T\u1ee7 s\u00e1ch\u00a0<em>Ph\u1ee5 n\u1eef t\u00f9ng th\u01b0<\/em><\/strong><\/p>\n<p>T\u1ee7 s\u00e1ch\u00a0<strong><em>Ph\u1ee5 n\u1eef t\u00f9ng th\u01b0\u00a0<\/em><\/strong>(T\u1ee7 s\u00e1ch Gi\u1edbi v\u00e0 Ph\u00e1t tri\u1ec3n) c\u1ee7a Nh\u00e0 xu\u1ea5t b\u1ea3n Ph\u1ee5 n\u1eef l\u00e0 t\u1ee7 s\u00e1ch c\u00f4ng b\u1ed1 c\u00e1c c\u00f4ng tr\u00ecnh v\u1ec1 v\u1ea5n \u0111\u1ec1 ph\u1ee5 n\u1eef (the question of women), h\u01b0\u1edbng t\u1edbi c\u00e1c nh\u1eadn th\u1ee9c v\u00e0 th\u1ef1c h\u00e0nh quy\u1ec1n ph\u1ee5 n\u1eef (women\u2019s rights), c\u0169ng nh\u01b0 \u0111\u1ea5u tranh cho n\u1eef quy\u1ec1n (feminism), v\u00ec s\u1ef1 ti\u1ebfn b\u1ed9 c\u1ee7a ph\u1ee5 n\u1eef Vi\u1ec7t Nam v\u00e0 s\u1ef1 ph\u00e1t tri\u1ec3n b\u1ec1n v\u1eefng c\u1ee7a \u0111\u1ea5t n\u01b0\u1edbc.<\/p>\n<p>T\u1ee7 s\u00e1ch g\u1ed3m:<\/p>\n<p>&#8211; Lo\u1ea1i\u00a0<em>Bi\u00ean kh\u1ea3o, t\u01b0 li\u1ec7u<\/em>: t\u1eadp h\u1ee3p c\u00e1c t\u01b0 li\u1ec7u tr\u00ean b\u00e1o ch\u00ed, c\u00e1c c\u00f4ng tr\u00ecnh, b\u00e0i vi\u1ebft c\u1ee7a c\u00e1c nh\u00e0 c\u00e1ch m\u1ea1ng, nh\u00e0 v\u0103n, nh\u00e0 b\u00e1o, nh\u00e0 nghi\u00ean c\u1ee9u, nh\u00e0 d\u1ecbch thu\u1eadt, nh\u00e0 ho\u1ea1t \u0111\u1ed9ng n\u1eef quy\u1ec1n,&#8230; \u1edf Vi\u1ec7t Nam t\u1eeb \u0111\u1ea7u th\u1ebf k\u1ef7 XX \u0111\u1ebfn nay, khi v\u1ea5n \u0111\u1ec1 ph\u1ee5 n\u1eef tr\u1edf th\u00e0nh m\u1ed9t b\u1ed9 ph\u1eadn quan tr\u1ecdng trong c\u00e1c d\u1ef1 \u00e1n c\u1ea3i c\u00e1ch x\u00e3 h\u1ed9i v\u00e0 \u0111\u1ea5u tranh v\u00ec s\u1ef1 b\u00ecnh \u0111\u1eb3ng gi\u1edbi;<\/p>\n<p>&#8211; Lo\u1ea1i\u00a0<em>H\u1ee3p tuy\u1ec3n, tinh tuy\u1ec3n<\/em>: t\u1eadp h\u1ee3p s\u00e1ng t\u00e1c c\u1ee7a c\u00e1c t\u00e1c gia n\u1eef trong di s\u1ea3n v\u0103n ch\u01b0\u01a1ng Vi\u1ec7t Nam th\u1eddi trung \u0111\u1ea1i, b\u1ea3o t\u1ed3n v\u00e0 ph\u00e1t huy c\u00e1c gi\u00e1 tr\u1ecb v\u0103n h\u00f3a do ph\u1ee5 n\u1eef Vi\u1ec7t Nam s\u00e1ng t\u1ea1o;<\/p>\n<p>&#8211; Lo\u1ea1i\u00a0<em>Nghi\u00ean c\u1ee9u<\/em>: gi\u1edbi thi\u1ec7u c\u00e1c t\u1eadp ti\u1ec3u lu\u1eadn chuy\u00ean \u0111\u1ec1, c\u00e1c chuy\u00ean kh\u1ea3o nghi\u00ean c\u1ee9u v\u1ec1 c\u00e1c v\u1ea5n \u0111\u1ec1 ph\u1ee5 n\u1eef \u1edf Vi\u1ec7t Nam v\u00e0 th\u1ebf gi\u1edbi;<\/p>\n<p>&#8211; Lo\u1ea1i<em>\u00a0D\u1ecbch thu\u1eadt<\/em>: gi\u1edbi thi\u1ec7u c\u00e1c c\u00f4ng tr\u00ecnh kinh \u0111i\u1ec3n c\u1ee7a th\u1ebf gi\u1edbi \u0111\u1ea5u tranh cho s\u1ef1 nghi\u1ec7p c\u1ee7a ph\u1ee5 n\u1eef, c\u00e1c l\u00fd thuy\u1ebft v\u00e0 th\u1ef1c h\u00e0nh nghi\u00ean c\u1ee9u v\u1ec1 c\u00e1c v\u1ea5n \u0111\u1ec1 ph\u1ee5 n\u1eef, c\u00e1c v\u1ea5n \u0111\u1ec1 v\u1ec1 gi\u1edbi v\u00e0 n\u1eef quy\u1ec1n,&#8230;; d\u1ecbch v\u00e0 gi\u1edbi thi\u1ec7u c\u00e1c c\u00f4ng tr\u00ecnh t\u00ecm hi\u1ec3u c\u00e1c v\u1ea5n \u0111\u1ec1 c\u1ee7a ph\u1ee5 n\u1eef Vi\u1ec7t Nam ra th\u1ebf gi\u1edbi.<\/p>\n<p>V\u1edbi t\u1ee7 s\u00e1ch n\u00e0y, Nh\u00e0 xu\u1ea5t b\u1ea3n Ph\u1ee5 n\u1eef mong mu\u1ed1n \u0111em \u0111\u1ebfn m\u1ed9t c\u00e1i nh\u00ecn to\u00e0n di\u1ec7n v\u00e0 c\u00f3 h\u1ec7 th\u1ed1ng v\u1ec1 c\u00e1c v\u1ea5n \u0111\u1ec1 Gi\u1edbi v\u00e0 Ph\u00e1t tri\u1ec3n; v\u1ec1 vai tr\u00f2 v\u00e0 \u0111\u00f3ng g\u00f3p c\u1ee7a ph\u1ee5 n\u1eef Vi\u1ec7t Nam t\u1eeb x\u01b0a \u0111\u1ebfn nay tr\u00ean m\u1ecdi ph\u01b0\u01a1ng di\u1ec7n ch\u00ednh tr\u1ecb &#8211; v\u0103n h\u00f3a &#8211; x\u00e3 h\u1ed9i &#8211; kinh t\u1ebf&#8230;; g\u00f3p ph\u1ea7n x\u00e2y d\u1ef1ng x\u00e3 h\u1ed9i Vi\u1ec7t Nam ph\u00e1t tri\u1ec3n h\u00e0i h\u00f2a, b\u1ec1n v\u1eefng.<\/p>\n<p><strong>T\u00e1c ph\u1ea9m \u0111\u00e3 xu\u1ea5t b\u1ea3n:\u00a0<\/strong><\/p>\n<p><strong><em>&#8211;\u00a0<\/em><\/strong><em>Phan Kh\u00f4i: V\u1ea5n \u0111\u1ec1 ph\u1ee5 n\u1eef \u1edf n\u01b0\u1edbc ta<\/em><\/p>\n<p><em>&#8211; \u0110\u1ea1m Ph\u01b0\u01a1ng n\u1eef s\u1eed: V\u1ea5n \u0111\u1ec1 ph\u1ee5 n\u1eef \u1edf n\u01b0\u1edbc ta<\/em><\/p>\n<p><em>&#8211; Phan B\u1ed9i Ch\u00e2u: V\u1ea5n \u0111\u1ec1 ph\u1ee5 n\u1eef \u1edf n\u01b0\u1edbc ta<\/em><\/p>\n<p><em>&#8211; Nguy\u1ec5n V\u0103n V\u0129nh: Nh\u1eddi \u0111\u00e0n b\u00e0<\/em><\/p>\n<p><em>&#8211; M\u1ed9t \u0110i\u1ec3m tinh hoa<\/em><\/p>\n<p><em>&#8211; Nam n\u1eef b\u00ecnh quy\u1ec1n<\/em><\/p>\n<div class=\"clear\"><\/div>\n<\/div>\n<\/div>\n<\/div>\n<div class=\"clear\"><\/div>\n<div>\n<div class=\"product_view_tab_content_ad_more\">\n<div class=\"product_view_tab_content_additional\">\n<table class=\"data-table table-additional\">\n<colgroup>\n<col width=\"25%\" \/>\n<col \/><\/colgroup>\n<tbody>\n<tr>\n<th class=\"table-label\">M\u00e3 h\u00e0ng<\/th>\n<td class=\"data_sku\">9786045694589<\/td>\n<\/tr>\n<tr>\n<th class=\"table-label\">T\u00ean Nh\u00e0 Cung C\u1ea5p<\/th>\n<td class=\"data_supplier\"><a class=\"xem-chi-tiet\" href=\"https:\/\/www.fahasa.com\/phu-nu?fhs_campaign=ATTRIBUTE_PRODUCT\">Ph\u1ee5 N\u1eef<\/a><\/td>\n<\/tr>\n<tr>\n<th class=\"table-label\">T\u00e1c gi\u1ea3<\/th>\n<td class=\"data_author\">\u0110o\u00e0n \u00c1nh D\u01b0\u01a1ng, Nguy\u1ec5n Minh Hu\u1ec7, V\u0169 Th\u1ecb Thanh Loan, \u0110\u00e0o Th\u1ecb H\u1ea3i Thanh<\/td>\n<\/tr>\n<tr>\n<th class=\"table-label\">NXB<\/th>\n<td class=\"data_publisher\">NXB Ph\u1ee5 N\u1eef Vi\u1ec7t Nam<\/td>\n<\/tr>\n<tr>\n<th class=\"table-label\">N\u0103m XB<\/th>\n<td class=\"data_publish_year\">2021<\/td>\n<\/tr>\n<tr>\n<th class=\"table-label\">Tr\u1ecdng l\u01b0\u1ee3ng (gr)<\/th>\n<td class=\"data_weight\">600<\/td>\n<\/tr>\n<tr>\n<th class=\"table-label\">K\u00edch Th\u01b0\u1edbc Bao B\u00ec<\/th>\n<td class=\"data_size\">20.5 x 14.5 cm<\/td>\n<\/tr>\n<tr>\n<th class=\"table-label\">S\u1ed1 trang<\/th>\n<td class=\"data_qty_of_page\">600<\/td>\n<\/tr>\n<tr>\n<th class=\"table-label\">H\u00ecnh th\u1ee9c<\/th>\n<td class=\"data_book_layout\">B\u00eca M\u1ec1m<\/td>\n<\/tr>\n<tr>\n<th class=\"table-label\">S\u1ea3n ph\u1ea9m b\u00e1n ch\u1ea1y nh\u1ea5t<\/th>\n<td><a href=\"https:\/\/www.fahasa.com\/sach-trong-nuoc\/van-hoc-trong-nuoc\/truyen-ngan-tan-van.html?order=num_orders_month\">Top 100 s\u1ea3n ph\u1ea9m Truy\u1ec7n ng\u1eafn &#8211; T\u1ea3n V\u0103n b\u00e1n ch\u1ea1y c\u1ee7a th\u00e1ng<\/a><\/td>\n<\/tr>\n<tr>\n<td colspan=\"2\">Gi\u00e1 s\u1ea3n ph\u1ea9m tr\u00ean Fahasa.com \u0111\u00e3 bao g\u1ed3m thu\u1ebf theo lu\u1eadt hi\u1ec7n h\u00e0nh. B\u00ean c\u1ea1nh \u0111\u00f3, tu\u1ef3 v\u00e0o lo\u1ea1i s\u1ea3n ph\u1ea9m, h\u00ecnh th\u1ee9c v\u00e0 \u0111\u1ecba ch\u1ec9 giao h\u00e0ng m\u00e0 c\u00f3 th\u1ec3 ph\u00e1t sinh th\u00eam chi ph\u00ed kh\u00e1c nh\u01b0 Ph\u1ee5 ph\u00ed \u0111\u00f3ng g\u00f3i, ph\u00ed v\u1eadn chuy\u1ec3n, ph\u1ee5 ph\u00ed h\u00e0ng c\u1ed3ng k\u1ec1nh,&#8230;<\/td>\n<\/tr>\n<\/tbody>\n<\/table>\n<\/div>\n<div class=\"clear\"><\/div>\n<div id=\"product_tabs_description_contents\">\n<div id=\"desc_content\" class=\"std\">\n<p><strong>T\u00e1c ph\u1ea9m<\/strong><\/p>\n<p><em>T\u1ef1 L\u1ef1c v\u0103n \u0111o\u00e0n v\u1edbi V\u1ea5n \u0111\u1ec1 ph\u1ee5 n\u1eef \u1edf n\u01b0\u1edbc ta<\/em>\u00a0l\u00e0 m\u1ed9t c\u00f4ng tr\u00ecnh kh\u1ea3o c\u1ee9u \u0111\u01b0\u1ee3c bi\u00ean so\u1ea1n c\u00f4ng phu b\u1edfi nh\u00f3m chuy\u00ean gia thu\u1ed9c Vi\u1ec7n V\u0103n h\u1ecdc Vi\u1ec7t Nam. T\u00e1c ph\u1ea9m thu\u1ed9c T\u1ee7 s\u00e1ch Ph\u1ee5 n\u1eef t\u00f9ng th\u01b0 \u2013 T\u1ee7 s\u00e1ch Gi\u1edbi v\u00e0 Ph\u00e1t tri\u1ec3n c\u1ee7a Nh\u00e0 xu\u1ea5t b\u1ea3n Ph\u1ee5 n\u1eef VN, t\u1eeb khi kh\u1edfi l\u1eadp \u0111\u1ebfn nay v\u1ed1n \u0111\u00e3 v\u00e0 \u0111ang \u0111\u01b0\u1ee3c ghi nh\u1eadn t\u00edch c\u1ef1c t\u1eeb \u0111\u1ed9c gi\u1ea3 v\u00e0 gi\u1edbi chuy\u00ean m\u00f4n.<\/p>\n<p>Nh\u1eafc \u0111\u1ebfn m\u1ed1i li\u00ean quan gi\u1eefa T\u1ef1 L\u1ef1c v\u0103n \u0111o\u00e0n v\u1edbi v\u1ea5n \u0111\u1ec1 n\u1eef quy\u1ec1n, h\u1eb3n \u0111\u1ed9c gi\u1ea3 kh\u00f3 c\u00f3 th\u1ec3 kh\u00f4ng nh\u1eafc \u0111\u1ebfn b\u1ed9 t\u1ee9 ti\u1ec3u thuy\u1ebft l\u1eebng danh N\u1eeda ch\u1eebng xu\u00e2n (Kh\u00e1i H\u01b0ng), \u0110o\u1ea1n tuy\u1ec7t (Nh\u1ea5t Linh), L\u1ea1nh l\u00f9ng (Nh\u1ea5t Linh), Tho\u00e1t ly (Kh\u00e1i H\u01b0ng). Cho \u0111\u1ebfn nay, b\u1ed9 t\u1ee9 n\u00e0y v\u1eabn \u201c\u0111\u00e1ng \u0111\u01b0\u1ee3c xem l\u00e0 nh\u1eefng t\u00e1c ph\u1ea9m ti\u00eau bi\u1ec3u nh\u1ea5t, nh\u1eefng ti\u1ebfng n\u00f3i m\u1ea1nh m\u1ebd v\u00e0 quy\u1ebft li\u1ec7t nh\u1ea5t, trong cu\u1ed9c \u0111\u1ea5u tranh \u0111\u00f2i c\u00e1c quy\u1ec1n ph\u1ee5 n\u1eef v\u00e0 n\u1eef quy\u1ec1n \u1edf Vi\u1ec7t Nam l\u00fac b\u1ea5y gi\u1edd. Nh\u1eefng t\u00e1c ph\u1ea9m \u1ea5y \u0111\u00e3 v\u01b0\u1ee3t ra ngo\u00e0i khu\u00f4n kh\u1ed5 c\u1ee7a trang s\u00e1ch, c\u1ee7a c\u00e1c th\u1ee5 h\u01b0\u1edfng ngh\u1ec7 thu\u1eadt, \u0111\u1ec3 t\u00e1c \u0111\u1ed9ng v\u00e0o \u0111\u1eddi s\u1ed1ng, \u0111\u1ed9ng vi\u00ean v\u00e0 c\u1ed5 v\u0169 nh\u1eefng c\u00f4 g\u00e1i m\u1edbi kh\u1eb3ng \u0111\u1ecbnh gi\u00e1 tr\u1ecb c\u00e1 nh\u00e2n c\u00e1 th\u1ec3 c\u1ee7a m\u00ecnh, bi\u1ebft y\u00eau qu\u00fd tr\u00e2n tr\u1ecdng tu\u1ed5i xu\u00e2n, \u0111\u1ec3 \u201cl\u1ea1nh l\u00f9ng\u201d m\u00e0 \u201c\u0111o\u1ea1n tuy\u1ec7t\u201d v\u00e0 \u201ctho\u00e1t ly\u201d ch\u1ebf \u0111\u1ed9 v\u00e0 lu\u00e2n l\u00fd c\u0169, v\u1ed1n ch\u1ec9 b\u00f3p ngh\u1eb9t t\u1ef1 do v\u00e0 giam h\u00e3m ng\u01b0\u1eddi ph\u1ee5 n\u1eef v\u00e0o trong kh\u00f4ng gian v\u00e0 s\u1ef1 chuy\u00ean ch\u1ebf c\u1ee7a gia \u0111\u00ecnh tr\u01b0\u1edfng gi\u1ea3 truy\u1ec1n th\u1ed1ng.\u201d (\u0110o\u00e0n \u00c1nh D\u01b0\u01a1ng). Nh\u01b0ng kh\u00f4ng ch\u1ec9 c\u00f3 th\u1ebf, T\u1ef1 L\u1ef1c v\u0103n \u0111o\u00e0n c\u00f2n g\u00f3p nh\u1eefng ti\u1ebfng n\u00f3i thi\u1ebft th\u1ef1c h\u01a1n, v\u1edbi m\u1ed9t phong c\u00e1ch h\u00f3m h\u1ec9nh kh\u00f4ng th\u1ec3 l\u1eabn, v\u00e0o phong tr\u00e0o n\u1eef quy\u1ec1n \u0111ang d\u1ea5y l\u00ean m\u1ea1nh m\u1ebd l\u00fac b\u1ea5y gi\u1edd.<\/p>\n<p>T\u1eadp h\u1ee3p v\u00e0 tuy\u1ec3n ch\u1ecdn t\u1eeb c\u00e1c b\u00e0i b\u00e1o \u0111\u0103ng tr\u00ean t\u1edd b\u00e1o n\u1ed5i ti\u1ebfng c\u1ee7a nh\u00f3m T\u1ef1 L\u1ef1c v\u0103n \u0111o\u00e0n l\u00e0 Phong h\u00f3a v\u00e0 sau l\u00e0 Ng\u00e0y nay, cu\u1ed1n s\u00e1ch n\u00e0y g\u1ed3m c\u00e1c b\u00e0i vi\u1ebft chuy\u00ean v\u1ec1 v\u1ea5n \u0111\u1ec1 ph\u1ee5 n\u1eef. Kh\u00e1c v\u1edbi h\u00ecnh dung c\u1ee7a nhi\u1ec1u ng\u01b0\u1eddi, h\u00ecnh th\u1ee9c n\u1eef gi\u1edbi \u0111\u01b0\u1ee3c \u0111\u1eb7c bi\u1ec7t ch\u00fa tr\u1ecdng trong c\u00e1c \u0111\u1ec1 xu\u1ea5t c\u00e1ch t\u00e2n, l\u00e0 \u0111i\u1ec3m \u0111\u1eb7c bi\u1ec7t th\u00fa v\u1ecb c\u1ee7a \u201cn\u1eef quy\u1ec1n ki\u1ec3u T\u1ef1 L\u1ef1c\u201d, m\u00e0 \u0111i\u1ec3n h\u00ecnh l\u00e0 chuy\u00ean \u0111\u1ec1 l\u1eebng danh v\u1ec1 Y ph\u1ee5c ph\u1ee5 n\u1eef c\u1ee7a h\u1ecda s\u0129 Le mur Nguy\u1ec5n C\u00e1t T\u01b0\u1eddng, l\u00e0m d\u1ea5y l\u00ean c\u1ea3 \u201cm\u1ed9t cu\u1ed9c c\u00e1ch m\u1ea1ng\u201d m\u00e0 l\u1ecbch s\u1eed th\u1eddi trang Vi\u1ec7t Nam ghi nh\u1eadn nh\u01b0 m\u1ed9t m\u1ed1c son hi\u1ebfm c\u00f3. B\u00ean c\u1ea1nh vi\u1ec7c h\u01b0\u1edbng d\u1eabn ch\u1ea3i chu\u1ed1t s\u1eeda so\u1ea1n h\u00ecnh dong sao cho thanh l\u1ecbch v\u00e0 h\u1ee3p th\u1eddi (m\u1ed9t c\u00e1ch kh\u00f3 c\u00f3 th\u1ec3 chi ti\u1ebft h\u01a1n), nh\u1eefng b\u00e0i vi\u1ebft b\u00e0n v\u1ec1 c\u00f4ng, ng\u00f4n, h\u1ea1nh xu\u1ea5t hi\u1ec7n \u0111\u1ec1u \u0111\u1eb7n v\u00e0 kh\u00e1 nhi\u1ec7t th\u00e0nh trong vi\u1ec7c k\u00eau g\u1ecdi c\u00e1c b\u00e0 c\u00e1c c\u00f4 tho\u00e1t b\u1ecf c\u00e1i c\u1ed5 h\u1ee7 l\u1ea1c h\u1eadu, \u0111\u00f3n ch\u00e0o ti\u1ebfp thu c\u00e1i m\u1edbi, t\u00e2n ti\u1ebfn. \u0110i\u1ec3m h\u1ea5p d\u1eabn kh\u00f4ng th\u1ec3 b\u1ecf qua n\u1eefa l\u00e0 c\u00e1c b\u00e0i vi\u1ebft th\u1eddi s\u1ef1, t\u01b0\u1eddng thu\u1eadt c\u00e1c ho\u1ea1t \u0111\u1ed9ng di\u1ec5n thuy\u1ebft \u201cnh\u1eddi \u0111\u00e0n b\u00e0\u201d, m\u1ed9t ho\u1ea1t \u0111\u1ed9ng n\u1ed5i \u0111\u00ecnh n\u1ed5i \u0111\u00e1m th\u1eddi \u0111\u00f3, c\u00e1c s\u1ef1 ki\u1ec7n th\u1eddi trang, l\u1ec5 l\u1ea1t&#8230; m\u00e0 \u1edf \u0111\u00f3 s\u1ee9c m\u1ea1nh c\u1ee7a phong tr\u00e0o gi\u1ea3i ph\u00f3ng n\u1eef gi\u1edbi th\u1ec3 hi\u1ec7n r\u00f5 r\u1ec7t s\u1eafc n\u00e9t h\u01a1n c\u1ea3.<\/p>\n<p>Nh\u1eefng di\u1ec5n ti\u1ebfn l\u1ecbch s\u1eed \u0111\u00f3 c\u1ee7a phong tr\u00e0o ph\u1ee5 n\u1eef \u0111\u1ea7u th\u1ebf k\u1ef7 \u0111\u01b0\u1ee3c thu\u1eadt l\u1ea1i tr\u00ean<em>\u00a0Phong h\u00f3a \u2013 Ng\u00e0y nay\u00a0<\/em>v\u1edbi m\u1ed9t phong c\u00e1ch ri\u00eang, h\u00f3m h\u1ec9nh v\u00e0 c\u00f3 \u0111\u00f4i ph\u1ea7n \u201c\u00e2u y\u1ebfm\u201d, ki\u1ec3u c\u1ee7a c\u00e1c b\u1eadc tu mi nam t\u1eed th\u00fa v\u1ecb ng\u1eafm m\u1ed9t n\u1eeda th\u1ebf gi\u1edbi n\u00f4 n\u1ee9c tr\u1ea9y h\u1ed9i, kh\u00f4ng kh\u1ecfi kh\u00f4ng bu\u00f4ng ch\u00fat tr\u00e0o ph\u00fang tinh ngh\u1ecbch c\u1ee7a nh\u1eefng b\u1eadc tr\u00ed gi\u1ea3 trong bu\u1ed5i \u0111\u1ea7u v\u0103n minh \u0111\u00f2i b\u00ecnh quy\u1ec1n c\u1ee7a gi\u1edbi qu\u1ea7n thoa.<\/p>\n<p>Nh\u00e0 xu\u1ea5t b\u1ea3n Ph\u1ee5 n\u1eef VN xin tr\u00e2n tr\u1ecdng \u0111\u01b0\u1ee3c gi\u1edbi thi\u1ec7u c\u00f9ng b\u1ea1n \u0111\u1ecdc.<\/p>\n<p><strong>V\u1ec1 T\u1ee7 s\u00e1ch\u00a0<em>Ph\u1ee5 n\u1eef t\u00f9ng th\u01b0<\/em><\/strong><\/p>\n<p>T\u1ee7 s\u00e1ch\u00a0<strong><em>Ph\u1ee5 n\u1eef t\u00f9ng th\u01b0\u00a0<\/em><\/strong>(T\u1ee7 s\u00e1ch Gi\u1edbi v\u00e0 Ph\u00e1t tri\u1ec3n) c\u1ee7a Nh\u00e0 xu\u1ea5t b\u1ea3n Ph\u1ee5 n\u1eef l\u00e0 t\u1ee7 s\u00e1ch c\u00f4ng b\u1ed1 c\u00e1c c\u00f4ng tr\u00ecnh v\u1ec1 v\u1ea5n \u0111\u1ec1 ph\u1ee5 n\u1eef (the question of women), h\u01b0\u1edbng t\u1edbi c\u00e1c nh\u1eadn th\u1ee9c v\u00e0 th\u1ef1c h\u00e0nh quy\u1ec1n ph\u1ee5 n\u1eef (women\u2019s rights), c\u0169ng nh\u01b0 \u0111\u1ea5u tranh cho n\u1eef quy\u1ec1n (feminism), v\u00ec s\u1ef1 ti\u1ebfn b\u1ed9 c\u1ee7a ph\u1ee5 n\u1eef Vi\u1ec7t Nam v\u00e0 s\u1ef1 ph\u00e1t tri\u1ec3n b\u1ec1n v\u1eefng c\u1ee7a \u0111\u1ea5t n\u01b0\u1edbc.<\/p>\n<p>T\u1ee7 s\u00e1ch g\u1ed3m:<\/p>\n<p>&#8211; Lo\u1ea1i\u00a0<em>Bi\u00ean kh\u1ea3o, t\u01b0 li\u1ec7u<\/em>: t\u1eadp h\u1ee3p c\u00e1c t\u01b0 li\u1ec7u tr\u00ean b\u00e1o ch\u00ed, c\u00e1c c\u00f4ng tr\u00ecnh, b\u00e0i vi\u1ebft c\u1ee7a c\u00e1c nh\u00e0 c\u00e1ch m\u1ea1ng, nh\u00e0 v\u0103n, nh\u00e0 b\u00e1o, nh\u00e0 nghi\u00ean c\u1ee9u, nh\u00e0 d\u1ecbch thu\u1eadt, nh\u00e0 ho\u1ea1t \u0111\u1ed9ng n\u1eef quy\u1ec1n,&#8230; \u1edf Vi\u1ec7t Nam t\u1eeb \u0111\u1ea7u th\u1ebf k\u1ef7 XX \u0111\u1ebfn nay, khi v\u1ea5n \u0111\u1ec1 ph\u1ee5 n\u1eef tr\u1edf th\u00e0nh m\u1ed9t b\u1ed9 ph\u1eadn quan tr\u1ecdng trong c\u00e1c d\u1ef1 \u00e1n c\u1ea3i c\u00e1ch x\u00e3 h\u1ed9i v\u00e0 \u0111\u1ea5u tranh v\u00ec s\u1ef1 b\u00ecnh \u0111\u1eb3ng gi\u1edbi;<\/p>\n<p>&#8211; Lo\u1ea1i\u00a0<em>H\u1ee3p tuy\u1ec3n, tinh tuy\u1ec3n<\/em>: t\u1eadp h\u1ee3p s\u00e1ng t\u00e1c c\u1ee7a c\u00e1c t\u00e1c gia n\u1eef trong di s\u1ea3n v\u0103n ch\u01b0\u01a1ng Vi\u1ec7t Nam th\u1eddi trung \u0111\u1ea1i, b\u1ea3o t\u1ed3n v\u00e0 ph\u00e1t huy c\u00e1c gi\u00e1 tr\u1ecb v\u0103n h\u00f3a do ph\u1ee5 n\u1eef Vi\u1ec7t Nam s\u00e1ng t\u1ea1o;<\/p>\n<p>&#8211; Lo\u1ea1i\u00a0<em>Nghi\u00ean c\u1ee9u<\/em>: gi\u1edbi thi\u1ec7u c\u00e1c t\u1eadp ti\u1ec3u lu\u1eadn chuy\u00ean \u0111\u1ec1, c\u00e1c chuy\u00ean kh\u1ea3o nghi\u00ean c\u1ee9u v\u1ec1 c\u00e1c v\u1ea5n \u0111\u1ec1 ph\u1ee5 n\u1eef \u1edf Vi\u1ec7t Nam v\u00e0 th\u1ebf gi\u1edbi;<\/p>\n<p>&#8211; Lo\u1ea1i<em>\u00a0D\u1ecbch thu\u1eadt<\/em>: gi\u1edbi thi\u1ec7u c\u00e1c c\u00f4ng tr\u00ecnh kinh \u0111i\u1ec3n c\u1ee7a th\u1ebf gi\u1edbi \u0111\u1ea5u tranh cho s\u1ef1 nghi\u1ec7p c\u1ee7a ph\u1ee5 n\u1eef, c\u00e1c l\u00fd thuy\u1ebft v\u00e0 th\u1ef1c h\u00e0nh nghi\u00ean c\u1ee9u v\u1ec1 c\u00e1c v\u1ea5n \u0111\u1ec1 ph\u1ee5 n\u1eef, c\u00e1c v\u1ea5n \u0111\u1ec1 v\u1ec1 gi\u1edbi v\u00e0 n\u1eef quy\u1ec1n,&#8230;; d\u1ecbch v\u00e0 gi\u1edbi thi\u1ec7u c\u00e1c c\u00f4ng tr\u00ecnh t\u00ecm hi\u1ec3u c\u00e1c v\u1ea5n \u0111\u1ec1 c\u1ee7a ph\u1ee5 n\u1eef Vi\u1ec7t Nam ra th\u1ebf gi\u1edbi.<\/p>\n<p>V\u1edbi t\u1ee7 s\u00e1ch n\u00e0y, Nh\u00e0 xu\u1ea5t b\u1ea3n Ph\u1ee5 n\u1eef mong mu\u1ed1n \u0111em \u0111\u1ebfn m\u1ed9t c\u00e1i nh\u00ecn to\u00e0n di\u1ec7n v\u00e0 c\u00f3 h\u1ec7 th\u1ed1ng v\u1ec1 c\u00e1c v\u1ea5n \u0111\u1ec1 Gi\u1edbi v\u00e0 Ph\u00e1t tri\u1ec3n; v\u1ec1 vai tr\u00f2 v\u00e0 \u0111\u00f3ng g\u00f3p c\u1ee7a ph\u1ee5 n\u1eef Vi\u1ec7t Nam t\u1eeb x\u01b0a \u0111\u1ebfn nay tr\u00ean m\u1ecdi ph\u01b0\u01a1ng di\u1ec7n ch\u00ednh tr\u1ecb &#8211; v\u0103n h\u00f3a &#8211; x\u00e3 h\u1ed9i &#8211; kinh t\u1ebf&#8230;; g\u00f3p ph\u1ea7n x\u00e2y d\u1ef1ng x\u00e3 h\u1ed9i Vi\u1ec7t Nam ph\u00e1t tri\u1ec3n h\u00e0i h\u00f2a, b\u1ec1n v\u1eefng.<\/p>\n<p><strong>T\u00e1c ph\u1ea9m \u0111\u00e3 xu\u1ea5t b\u1ea3n:\u00a0<\/strong><\/p>\n<p><strong><em>&#8211;\u00a0<\/em><\/strong><em>Phan Kh\u00f4i: V\u1ea5n \u0111\u1ec1 ph\u1ee5 n\u1eef \u1edf n\u01b0\u1edbc ta<\/em><\/p>\n<p><em>&#8211; \u0110\u1ea1m Ph\u01b0\u01a1ng n\u1eef s\u1eed: V\u1ea5n \u0111\u1ec1 ph\u1ee5 n\u1eef \u1edf n\u01b0\u1edbc ta<\/em><\/p>\n<p><em>&#8211; Phan B\u1ed9i Ch\u00e2u: V\u1ea5n \u0111\u1ec1 ph\u1ee5 n\u1eef \u1edf n\u01b0\u1edbc ta<\/em><\/p>\n<p><em>&#8211; Nguy\u1ec5n V\u0103n V\u0129nh: Nh\u1eddi \u0111\u00e0n b\u00e0<\/em><\/p>\n<p><em>&#8211; M\u1ed9t \u0110i\u1ec3m tinh hoa<\/em><\/p>\n<p><em>&#8211; Nam n\u1eef b\u00ecnh quy\u1ec1n<\/em><\/p>\n<\/div>\n<\/div>\n<\/div>\n<\/div>\n","protected":false},"excerpt":{"rendered":"<p><strong>T\u1ef1 L\u1ef1c v\u0103n \u0111o\u00e0n v\u1edbi V\u1ea5n \u0111\u1ec1 ph\u1ee5 n\u1eef \u1edf n\u01b0\u1edbc ta<\/strong>\u00a0l\u00e0 m\u1ed9t c\u00f4ng tr\u00ecnh kh\u1ea3o c\u1ee9u \u0111\u01b0\u1ee3c bi\u00ean so\u1ea1n c\u00f4ng phu b\u1edfi nh\u00f3m chuy\u00ean gia thu\u1ed9c Vi\u1ec7n V\u0103n h\u1ecdc Vi\u1ec7t Nam. T\u00e1c ph\u1ea9m thu\u1ed9c T\u1ee7 s\u00e1ch Ph\u1ee5 n\u1eef t\u00f9ng th\u01b0 \u2013 T\u1ee7 s\u00e1ch Gi\u1edbi v\u00e0 Ph\u00e1t tri\u1ec3n c\u1ee7a Nh\u00e0 xu\u1ea5t b\u1ea3n Ph\u1ee5 n\u1eef VN, t\u1eeb khi kh\u1edfi l\u1eadp \u0111\u1ebfn nay v\u1ed1n \u0111\u00e3 v\u00e0 \u0111ang \u0111\u01b0\u1ee3c ghi nh\u1eadn t\u00edch c\u1ef1c t\u1eeb \u0111\u1ed9c gi\u1ea3 v\u00e0 gi\u1edbi chuy\u00ean m\u00f4n.<\/p>\n","protected":false},"featured_media":379,"comment_status":"open","ping_status":"closed","template":"","meta":[],"product_cat":[23,29],"product_tag":[],"class_list":["post-378","product","type-product","status-publish","has-post-thumbnail","hentry","product_cat-sach","product_cat-sach-van-hoa"],"_links":{"self":[{"href":"https:\/\/bookscollective.vn\/index.php\/wp-json\/wp\/v2\/product\/378","targetHints":{"allow":["GET"]}}],"collection":[{"href":"https:\/\/bookscollective.vn\/index.php\/wp-json\/wp\/v2\/product"}],"about":[{"href":"https:\/\/bookscollective.vn\/index.php\/wp-json\/wp\/v2\/types\/product"}],"replies":[{"embeddable":true,"href":"https:\/\/bookscollective.vn\/index.php\/wp-json\/wp\/v2\/comments?post=378"}],"wp:featuredmedia":[{"embeddable":true,"href":"https:\/\/bookscollective.vn\/index.php\/wp-json\/wp\/v2\/media\/379"}],"wp:attachment":[{"href":"https:\/\/bookscollective.vn\/index.php\/wp-json\/wp\/v2\/media?parent=378"}],"wp:term":[{"taxonomy":"product_cat","embeddable":true,"href":"https:\/\/bookscollective.vn\/index.php\/wp-json\/wp\/v2\/product_cat?post=378"},{"taxonomy":"product_tag","embeddable":true,"href":"https:\/\/bookscollective.vn\/index.php\/wp-json\/wp\/v2\/product_tag?post=378"}],"curies":[{"name":"wp","href":"https:\/\/api.w.org\/{rel}","templated":true}]}}