{"id":374,"date":"2022-10-04T10:47:47","date_gmt":"2022-10-04T10:47:47","guid":{"rendered":"https:\/\/bookscollective.vn\/?post_type=product&#038;p=374"},"modified":"2022-10-04T10:47:47","modified_gmt":"2022-10-04T10:47:47","slug":"nhung-nguoi-nu-trong-kinh-thanh","status":"publish","type":"product","link":"https:\/\/bookscollective.vn\/index.php\/product\/nhung-nguoi-nu-trong-kinh-thanh\/","title":{"rendered":"Nh\u1eefng ng\u01b0\u1eddi n\u1eef trong Kinh Th\u00e1nh"},"content":{"rendered":"<p>NH\u1eeeNG NG\u01af\u1edcI N\u1eee TRONG KINH TH\u00c1NH<br \/>\n(A Biblia n\u0151i alakjai)<\/p>\n<p>\u201cNg\u01b0\u1eddi ph\u1ee5 n\u1eef x\u01b0a, ng\u01b0\u1eddi ph\u1ee5 n\u1eef trong Th\u00e1nh Kinh v\u00e0 ph\u1ee5 n\u1eef ng\u00e0y nay tuy c\u00f3 kh\u00e1c v\u1ec1 kh\u00f4ng gian, th\u1eddi gian, \u0111\u1ecba v\u1ecb x\u00e3 h\u1ed9i nh\u01b0ng c\u00f4ng lao c\u1ee7a h\u1ecd nh\u01b0 \u0111\u00e3 \u0111\u01b0\u1ee3c nh\u00ecn nh\u1eadn\u2026 h\u1ecd c\u00f3 \u2026nh\u1eefng \u0111\u1ee9c t\u00ednh cao qu\u00ed \u1edf n\u01a1i ph\u1ee5 n\u1eef: ni\u1ec1m tin, s\u1ef1 t\u1eadn t\u1ee5y, ki\u00ean nh\u1eabn, khi\u00eam nh\u01b0\u1eddng, \u0111\u1ee9c hi sinh, m\u00e0 ng\u01b0\u1eddi ch\u1ed3ng c\u0169ng nh\u01b0 con c\u00e1i v\u1eabn ghi kh\u1eafc nh\u01b0 m\u1ed9t t\u00ecnh c\u1ea3m n\u1ed3ng nhi\u1ec7t v\u00e0 tr\u00e2n qu\u00fd cho ng\u01b0\u1eddi v\u1ee3, ng\u01b0\u1eddi m\u1eb9\u2026 ph\u1ea3i ch\u0103ng \u2026Th\u01b0\u1ee3ng \u0110\u1ebf \u0111\u00e3 kh\u00e9o l\u00e9o ghi d\u1ea5u trong ng\u01b0\u1eddi ph\u1ee5 n\u1eef m\u1ed9t tr\u1ef1c gi\u00e1c tinh t\u1ebf, t\u00e2m h\u1ed3n m\u00e3nh li\u1ec7t v\u00e0 ki\u00ean quy\u1ebft, \u0111\u1ed3ng th\u1eddi \u0111\u00e3 trao t\u1eb7ng cho h\u1ecd m\u1ed9t h\u00e0ng r\u00e0o che ch\u1edf ch\u1ed1ng l\u1ea1i s\u1ef1 d\u1eef, m\u00e0 c\u00e1c b\u00e0 c\u00f3 th\u1ec3 s\u1eed d\u1ee5ng cho m\u1ed7i th\u1ebf h\u1ec7 n\u1ebfu mu\u1ed1n\u201d<\/p>\n<p>Tr\u00edch \u0110\u00f4i l\u1eddi v\u1ec1 t\u00e1c ph\u1ea9m c\u1ee7a Kenessy B\u00e9la c\u1ee7a linh m\u1ee5c Nguy\u1ec5n V\u0103n Th\u01b0\u1ee3ng \u2013 Gi\u00e1o x\u1ee9 Long An<\/p>\n<p><strong>V\u1ec1 t\u00e1c gi\u1ea3:<\/strong><\/p>\n<p>Ti\u1ebfn s\u0129 Kenessey B\u00e9la (1858-1918) &#8211; l\u00e0 m\u1ee5c s\u01b0, gi\u00e1m m\u1ee5c c\u1ee7a gi\u00e1o ph\u1eadn C\u1ea3i c\u00e1ch Transylvanian t\u1eeb n\u0103m 1907 cho \u0111\u1ebfn khi \u00f4ng qua \u0111\u1eddi. \u00d4ng t\u1eebng l\u00e0 gi\u00e1o s\u01b0 t\u1ea1i H\u1ecdc vi\u1ec7n Th\u1ea7n h\u1ecdc C\u1ea3i c\u00e1ch \u1edf Budapest v\u00e0 sau \u0111\u00f3 t\u1ea1i H\u1ecdc vi\u1ec7n Th\u1ea7n h\u1ecdc \u1edf Cluj-Napoca.<\/p>\n<p><strong>N\u1ed9i dung s\u00e1ch:<\/strong><\/p>\n<p>Th\u1ebf gi\u1edbi s\u1ebd ra sao n\u1ebfu thi\u1ebfu nh\u1eefng ng\u01b0\u1eddi ph\u1ee5 n\u1eef. Khi con ng\u01b0\u1eddi xu\u1ea5t hi\u1ec7n, \u0110\u1ee9c Ch\u00faa Tr\u1eddi \u0111\u00e3 \u0111\u1eb7t m\u1ed9t ng\u01b0\u1eddi ph\u1ee5 n\u1eef xu\u1ed1ng Tr\u00e1i \u0111\u1ea5t \u0111\u1ec3 \u0111\u1ed3ng h\u00e0nh v\u1edbi con ng\u01b0\u1eddi &#8211; Eva. V\u00e0 Ch\u00faa Gi\u00ea-su \u0111\u1ebfn v\u1edbi th\u1ebf gi\u1edbi n\u00e0y b\u1edfi m\u1ed9t ng\u01b0\u1eddi ph\u1ee5 n\u1eef m\u1ea1nh m\u1ebd &#8211; \u0110\u1ee9c M\u1eb9 Maria.<br \/>\nKinh Th\u00e1nh c\u00f3 r\u1ea5t nhi\u1ec1u c\u00e2u chuy\u1ec7n cho ta th\u1ea5y nh\u1eefng ng\u01b0\u1eddi n\u1eef t\u00ecm \u0111\u01b0\u1ee3c s\u1ee9c m\u1ea1nh c\u1ee7a ri\u00eang h\u1ecd h\u1ebft l\u1ea7n n\u00e0y \u0111\u1ebfn l\u1ea7n kh\u00e1c trong l\u00fac kh\u00f3 kh\u0103n, nh\u1eefng l\u00fac l\u00e2m v\u00e0o c\u1ea3nh tuy\u1ec7t v\u1ecdng, s\u1ee3 h\u00e3i nh\u1ea5t trong cu\u1ed9c s\u1ed1ng v\u00e0 c\u1ea3 nh\u1eefng l\u00fac h\u1ea1nh ph\u00fac.<\/p>\n<p>Hi\u1ec7n th\u00e2n ng\u01b0\u1eddi ph\u1ee5 n\u1eef m\u00e0 \u0110\u1ee9c Ch\u00faa Tr\u1eddi t\u1ea1o ra l\u00e0 c\u00f3 m\u1ed9t l\u00fd do \u0111\u1eb7c bi\u1ec7t c\u1ee7a Ng\u00e0i, v\u00e0 s\u1ef1 m\u1eb7c kh\u1ea3i c\u1ee7a Ch\u00faa Gi\u00ea-su s\u1ebd \u0111\u01b0\u1ee3c truy\u1ec1n d\u1ea1y m\u1ed7i ng\u00e0y qua nh\u1eefng c\u00e2u th\u01a1 v\u00e0 c\u00e2u chuy\u1ec7n v\u1ec1 nh\u1eefng ng\u01b0\u1eddi n\u1eef nh\u01b0 Mary, Abigail, Rachel, Rebecca, Ruth, H\u1ecd l\u00e0 nh\u1eefng ng\u01b0\u1eddi d\u1eabn d\u1eaft, nh\u1eefng ng\u01b0\u1eddi m\u1eb9, v\u1edbi t\u1ea5m l\u00f2ng tr\u00e0n \u0111\u1ea7y \u0111\u1ee9c tin v\u00e0 ch\u00e2n th\u00e0nh, h\u1ecd tr\u1edf th\u00e0nh su\u1ed1i ngu\u1ed3n d\u1eabn d\u1eaft tinh th\u1ea7n trong su\u1ed1t cu\u1ed9c \u0111\u1eddi, l\u00e0 \u00e1nh s\u00e1ng h\u01b0\u1edbng t\u1edbi m\u1ed9t cu\u1ed9c s\u1ed1ng tr\u1ecdn v\u1eb9n h\u01a1n cho nh\u1eefng ng\u01b0\u1eddi n\u1eef ng\u00e0y nay.<\/p>\n<p>H\u00e3y \u0111\u1ecdc v\u00e0 suy t\u01b0 nh\u1eefng c\u00e2u th\u00e1nh th\u01b0, nh\u1eefng nh\u00e2n v\u1eadt trong cu\u1ed1n s\u00e1ch n\u00e0y, b\u1ea1n s\u1ebd nh\u1eadn th\u1ea5y s\u1ee9c m\u1ea1nh v\u00e0 nh\u1eefng ph\u1ea9m ch\u1ea5t t\u1ed1t \u0111\u1eb9p c\u1ee7a ng\u01b0\u1eddi n\u1eef l\u00e0 g\u00ec \u2013 \u0111\u1eb7c bi\u1ec7t khi trong h\u1ecd c\u00f3 s\u1ee9c m\u1ea1nh c\u1ee7a \u0111\u1ee9c tin.<\/p>\n","protected":false},"excerpt":{"rendered":"<p>\u201cNg\u01b0\u1eddi ph\u1ee5 n\u1eef x\u01b0a, ng\u01b0\u1eddi ph\u1ee5 n\u1eef trong Th\u00e1nh Kinh v\u00e0 ph\u1ee5 n\u1eef ng\u00e0y nay tuy c\u00f3 kh\u00e1c<br \/>\nv\u1ec1 kh\u00f4ng gian, th\u1eddi gian, \u0111\u1ecba v\u1ecb x\u00e3 h\u1ed9i nh\u01b0ng c\u00f4ng lao c\u1ee7a h\u1ecd nh\u01b0 \u0111\u00e3 \u0111\u01b0\u1ee3c nh\u00ecn nh\u1eadn\u2026<br \/>\nh\u1ecd c\u00f3<br \/>\n\u2026nh\u1eefng \u0111\u1ee9c t\u00ednh cao qu\u00ed \u1edf n\u01a1i ph\u1ee5 n\u1eef: ni\u1ec1m tin, s\u1ef1 t\u1eadn t\u1ee5y, ki\u00ean nh\u1eabn, khi\u00eam nh\u01b0\u1eddng,<br \/>\n\u0111\u1ee9c hi sinh, v.v. m\u00e0 ng\u01b0\u1eddi ch\u1ed3ng c\u0169ng nh\u01b0 con c\u00e1i v\u1eabn ghi kh\u1eafc<br \/>\nnh\u01b0 m\u1ed9t t\u00ecnh c\u1ea3m n\u1ed3ng nhi\u1ec7t v\u00e0 tr\u00e2n qu\u00fd cho ng\u01b0\u1eddi v\u1ee3, ng\u01b0\u1eddi m\u1eb9\u2026<br \/>\nph\u1ea3i ch\u0103ng<br \/>\n\u2026Th\u01b0\u1ee3ng \u0110\u1ebf \u0111\u00e3 kh\u00e9o l\u00e9o ghi d\u1ea5u trong ng\u01b0\u1eddi ph\u1ee5 n\u1eef m\u1ed9t tr\u1ef1c gi\u00e1c tinh t\u1ebf,<br \/>\nt\u00e2m h\u1ed3n m\u00e3nh li\u1ec7t v\u00e0 ki\u00ean quy\u1ebft, \u0111\u1ed3ng th\u1eddi \u0111\u00e3 trao t\u1eb7ng cho h\u1ecd m\u1ed9t h\u00e0ng r\u00e0o che ch\u1edf<br \/>\nch\u1ed1ng l\u1ea1i s\u1ef1 d\u1eef, m\u00e0 c\u00e1c b\u00e0 c\u00f3 th\u1ec3 s\u1eed d\u1ee5ng cho m\u1ed7i th\u1ebf h\u1ec7 n\u1ebfu mu\u1ed1n\u201d<br \/>\nTr\u00edch \u0110\u00f4i l\u1eddi v\u1ec1 t\u00e1c ph\u1ea9m c\u1ee7a Kenessy B\u00e9la<br \/>\nc\u1ee7a linh m\u1ee5c Nguy\u1ec5n V\u0103n Th\u01b0\u1ee3ng \u2013 Gi\u00e1o x\u1ee9 Long An<\/p>\n<p>V\u1ec1 t\u00e1c gi\u1ea3:<br \/>\nTi\u1ebfn s\u0129 Kenessey B\u00e9la (1858-1918) &#8211; l\u00e0 m\u1ee5c s\u01b0, gi\u00e1m m\u1ee5c c\u1ee7a gi\u00e1o ph\u1eadn C\u1ea3i c\u00e1ch Transylvanian t\u1eeb n\u0103m 1907 cho \u0111\u1ebfn khi \u00f4ng qua \u0111\u1eddi. \u00d4ng t\u1eebng l\u00e0 gi\u00e1o s\u01b0 t\u1ea1i H\u1ecdc vi\u1ec7n Th\u1ea7n h\u1ecdc C\u1ea3i c\u00e1ch \u1edf Budapest v\u00e0 sau \u0111\u00f3 t\u1ea1i H\u1ecdc vi\u1ec7n Th\u1ea7n h\u1ecdc \u1edf Cluj-Napoca.<br \/>\nN\u1ed9i dung s\u00e1ch:<br \/>\nTh\u1ebf gi\u1edbi s\u1ebd ra sao n\u1ebfu thi\u1ebfu nh\u1eefng ng\u01b0\u1eddi ph\u1ee5 n\u1eef. Khi con ng\u01b0\u1eddi xu\u1ea5t hi\u1ec7n, \u0110\u1ee9c Ch\u00faa Tr\u1eddi \u0111\u00e3 \u0111\u1eb7t m\u1ed9t ng\u01b0\u1eddi ph\u1ee5 n\u1eef xu\u1ed1ng Tr\u00e1i \u0111\u1ea5t \u0111\u1ec3 \u0111\u1ed3ng h\u00e0nh v\u1edbi con ng\u01b0\u1eddi &#8211; Eva. V\u00e0 Ch\u00faa Gi\u00ea-su \u0111\u1ebfn v\u1edbi th\u1ebf gi\u1edbi n\u00e0y b\u1edfi m\u1ed9t ng\u01b0\u1eddi ph\u1ee5 n\u1eef m\u1ea1nh m\u1ebd &#8211; \u0110\u1ee9c M\u1eb9 Maria.<br \/>\nKinh Th\u00e1nh c\u00f3 r\u1ea5t nhi\u1ec1u c\u00e2u chuy\u1ec7n cho ta th\u1ea5y nh\u1eefng ng\u01b0\u1eddi n\u1eef t\u00ecm \u0111\u01b0\u1ee3c s\u1ee9c m\u1ea1nh c\u1ee7a ri\u00eang h\u1ecd h\u1ebft l\u1ea7n n\u00e0y \u0111\u1ebfn l\u1ea7n kh\u00e1c trong l\u00fac kh\u00f3 kh\u0103n, nh\u1eefng l\u00fac l\u00e2m v\u00e0o c\u1ea3nh tuy\u1ec7t v\u1ecdng, s\u1ee3 h\u00e3i nh\u1ea5t trong cu\u1ed9c s\u1ed1ng v\u00e0 c\u1ea3 nh\u1eefng l\u00fac h\u1ea1nh ph\u00fac.<br \/>\nHi\u1ec7n th\u00e2n ng\u01b0\u1eddi ph\u1ee5 n\u1eef m\u00e0 \u0110\u1ee9c Ch\u00faa Tr\u1eddi t\u1ea1o ra l\u00e0 c\u00f3 m\u1ed9t l\u00fd do \u0111\u1eb7c bi\u1ec7t c\u1ee7a Ng\u00e0i, v\u00e0 s\u1ef1 m\u1eb7c kh\u1ea3i c\u1ee7a Ch\u00faa Gi\u00ea-su s\u1ebd \u0111\u01b0\u1ee3c truy\u1ec1n d\u1ea1y m\u1ed7i ng\u00e0y qua nh\u1eefng c\u00e2u th\u01a1 v\u00e0 c\u00e2u chuy\u1ec7n v\u1ec1 nh\u1eefng ng\u01b0\u1eddi n\u1eef nh\u01b0 Mary, Abigail, Rachel, Rebecca, Ruth, v.v H\u1ecd l\u00e0 nh\u1eefng ng\u01b0\u1eddi d\u1eabn d\u1eaft, nh\u1eefng ng\u01b0\u1eddi m\u1eb9, v\u1edbi t\u1ea5m l\u00f2ng tr\u00e0n \u0111\u1ea7y \u0111\u1ee9c tin v\u00e0 ch\u00e2n th\u00e0nh, h\u1ecd tr\u1edf th\u00e0nh su\u1ed1i ngu\u1ed3n d\u1eabn d\u1eaft tinh th\u1ea7n trong su\u1ed1t cu\u1ed9c \u0111\u1eddi, l\u00e0 \u00e1nh s\u00e1ng h\u01b0\u1edbng t\u1edbi m\u1ed9t cu\u1ed9c s\u1ed1ng tr\u1ecdn v\u1eb9n h\u01a1n cho nh\u1eefng ng\u01b0\u1eddi n\u1eef ng\u00e0y nay.<br \/>\nH\u00e3y \u0111\u1ecdc v\u00e0 suy t\u01b0 nh\u1eefng c\u00e2u th\u00e1nh th\u01b0, nh\u1eefng nh\u00e2n v\u1eadt trong cu\u1ed1n s\u00e1ch n\u00e0y, b\u1ea1n s\u1ebd nh\u1eadn th\u1ea5y s\u1ee9c m\u1ea1nh v\u00e0 nh\u1eefng ph\u1ea9m ch\u1ea5t t\u1ed1t \u0111\u1eb9p c\u1ee7a ng\u01b0\u1eddi n\u1eef l\u00e0 g\u00ec \u2013 \u0111\u1eb7c bi\u1ec7t khi trong h\u1ecd c\u00f3 s\u1ee9c m\u1ea1nh c\u1ee7a \u0111\u1ee9c tin.<\/p>\n","protected":false},"featured_media":375,"comment_status":"open","ping_status":"closed","template":"","meta":[],"product_cat":[23,29],"product_tag":[],"class_list":["post-374","product","type-product","status-publish","has-post-thumbnail","hentry","product_cat-sach","product_cat-sach-van-hoa"],"_links":{"self":[{"href":"https:\/\/bookscollective.vn\/index.php\/wp-json\/wp\/v2\/product\/374","targetHints":{"allow":["GET"]}}],"collection":[{"href":"https:\/\/bookscollective.vn\/index.php\/wp-json\/wp\/v2\/product"}],"about":[{"href":"https:\/\/bookscollective.vn\/index.php\/wp-json\/wp\/v2\/types\/product"}],"replies":[{"embeddable":true,"href":"https:\/\/bookscollective.vn\/index.php\/wp-json\/wp\/v2\/comments?post=374"}],"wp:featuredmedia":[{"embeddable":true,"href":"https:\/\/bookscollective.vn\/index.php\/wp-json\/wp\/v2\/media\/375"}],"wp:attachment":[{"href":"https:\/\/bookscollective.vn\/index.php\/wp-json\/wp\/v2\/media?parent=374"}],"wp:term":[{"taxonomy":"product_cat","embeddable":true,"href":"https:\/\/bookscollective.vn\/index.php\/wp-json\/wp\/v2\/product_cat?post=374"},{"taxonomy":"product_tag","embeddable":true,"href":"https:\/\/bookscollective.vn\/index.php\/wp-json\/wp\/v2\/product_tag?post=374"}],"curies":[{"name":"wp","href":"https:\/\/api.w.org\/{rel}","templated":true}]}}