{"id":366,"date":"2022-10-04T10:35:47","date_gmt":"2022-10-04T10:35:47","guid":{"rendered":"https:\/\/bookscollective.vn\/?post_type=product&#038;p=366"},"modified":"2022-10-04T10:35:47","modified_gmt":"2022-10-04T10:35:47","slug":"dat-nuoc-viet-nam-qua-cac-doi","status":"publish","type":"product","link":"https:\/\/bookscollective.vn\/index.php\/product\/dat-nuoc-viet-nam-qua-cac-doi\/","title":{"rendered":"\u0110\u1ea5t n\u01b0\u1edbc Vi\u1ec7t Nam qua c\u00e1c \u0111\u1eddi"},"content":{"rendered":"<p>\u0110\u00e0o Duy Anh l\u00e0 m\u1ed9t nh\u00e0 b\u00e1ch khoa th\u01b0 \u0111\u00edch th\u1ef1c. L\u1ea5y s\u1eed h\u1ecdc l\u00e0m l\u1ebd s\u1ed1ng, nh\u01b0ng \u00f4ng \u0111\u00e3 \u0111\u1ed3ng th\u1eddi quan t\u00e2m \u0111\u1ebfn \u0111\u1ecba l\u00fd h\u1ecdc l\u1ecbch s\u1eed b\u1edfi n\u00f3 b\u1ed5 tr\u1ee3 thi\u1ebft y\u1ebfu cho n\u1ec1n s\u1eed h\u1ecdc n\u01b0\u1edbc nh\u00e0. \u0110\u00f3 l\u00e0 l\u00fd do ra \u0111\u1eddi c\u1ee7a c\u00f4ng tr\u00ecnh nghi\u00ean c\u1ee9u \u0111\u1ecba l\u00fd h\u1ecdc l\u1ecbch s\u1eed n\u1ed5i ti\u1ebfng &#8211; \u0110\u1ea5t n\u01b0\u1edbc Vi\u1ec7t Nam qua c\u00e1c \u0111\u1eddi.<\/p>\n<p>C\u00f4ng tr\u00ecnh n\u00e0y t\u1eadp trung nghi\u00ean c\u1ee9u \u0111\u1ecba l\u00fd h\u00e0nh ch\u00ednh \u0111\u1ec3 nh\u1eadn \u0111\u1ecbnh c\u01b0\u01a1ng v\u1ef1c c\u1ee7a n\u01b0\u1edbc Vi\u1ec7t Nam v\u00e0 v\u1ecb tr\u00ed c\u00e1c khu v\u1ef1c h\u00e0nh ch\u00ednh tr\u1ea3i qua c\u00e1c \u0111\u1eddi, t\u1eeb th\u1eddi V\u0103n Lang, \u00c2u L\u1ea1c, qua th\u1eddi k\u1ef3 B\u1eafc thu\u1ed9c, tr\u1ea3i \u0111\u1ebfn th\u1eddi t\u1ef1 ch\u1ee7 v\u00e0 cho \u0111\u1ebfn th\u1eddi nh\u00e0 Nguy\u1ec5n. V\u1edbi c\u00f4ng t\u00e1c nghi\u00ean c\u1ee9u c\u00f4ng phu, kh\u1ed1i l\u01b0\u1ee3ng s\u00e1ch tham kh\u1ea3o \u0111\u1ed3 s\u1ed9, \u0110\u00e0o Duy Anh \u0111\u00e3 v\u1ebd n\u00ean b\u1ee9c tranh r\u1ed9ng l\u1edbn, m\u00f4 t\u1ea3 s\u1ef1 ph\u00e1t tri\u1ec3n v\u00e0 bi\u1ebfn \u0111\u1ed5i c\u1ee7a l\u00e3nh th\u1ed5 Vi\u1ec7t Nam k\u00e9o d\u00e0i su\u1ed1t g\u1ea7n hai thi\u00ean ni\u00ean k\u1ef7, khi\u1ebfn c\u00f4ng tr\u00ecnh tr\u1edf th\u00e0nh m\u1ed9t nghi\u00ean c\u1ee9u \u0111\u1ea7y \u0111\u1ee7 nh\u1ea5t, h\u1ec7 th\u1ed1ng nh\u1ea5t v\u1ec1 l\u00e3nh th\u1ed5 Vi\u1ec7t Nam trong th\u1ebf k\u1ef7 XX.<\/p>\n<p>\u0110\u1ea5t n\u01b0\u1edbc Vi\u1ec7t Nam qua c\u00e1c \u0111\u1eddi v\u00e0 c\u00e1c c\u00f4ng tr\u00ecnh kh\u00e1c c\u00f9ng chuy\u00ean ng\u00e0nh \u0111\u00e3 x\u00e1c l\u1eadp v\u1ecb tr\u00ed c\u1ee7a \u0110\u00e0o Duy Anh l\u00e0 m\u1ed9t nh\u00e0 \u0111\u1ecba l\u00fd h\u1ecdc l\u1ecbch s\u1eed ti\u00eau bi\u1ec3u nh\u1ea5t cho \u0111\u1ebfn nay, l\u00e0 ng\u01b0\u1eddi kh\u01a1i m\u1edf v\u00e0 truy\u1ec1n c\u1ea3m h\u1ee9ng cho s\u1ef1 ph\u00e1t tri\u1ec3n chuy\u00ean ng\u00e0nh n\u00e0y \u1edf Vi\u1ec7t Nam.<\/p>\n<p>Quy\u1ec3n s\u00e1ch n\u00e0y mang nhi\u1ec1u gi\u00e1 tr\u1ecb s\u00e2u s\u1eafc v\u00e0 \u0111\u01b0\u1ee3c \u0111\u00e1nh gi\u00e1 r\u1ea5t cao trong l\u0129nh v\u1ef1c \u201c\u0111\u1ecba l\u00ed h\u1ecdc l\u1ecbch s\u1eed\u201d. Nghi\u00ean c\u1ee9u \u0111\u1ecba l\u00ed lu\u00f4n l\u00e0 s\u1ef1 kh\u1edfi \u0111\u1ea7u khi mu\u1ed1n t\u00ecm hi\u1ec3u m\u1ed9t v\u00f9ng \u0111\u1ea5t n\u00e0o \u0111\u00f3, m\u1ed9t \u0111\u1ea5t n\u01b0\u1edbc (qu\u1ed1c gia) n\u00e0o \u0111\u00f3. \u0110\u1ed3ng th\u1eddi, nghi\u00ean c\u1ee9u \u0111\u1ecba l\u00ed h\u00e0nh ch\u00ednh kh\u00f4ng th\u1ec3 d\u1eebng \u1edf m\u1ed9t th\u1eddi gian m\u00e0 n\u00f3 ph\u1ea3i \u0111\u01b0\u1ee3c xuy\u00ean su\u1ed1t t\u1eeb khi \u0111\u01b0\u1ee3c x\u00e2y d\u1ef1ng cho \u0111\u1ebfn nay, c\u00f3 th\u1ec3 l\u00e0 h\u00e0ng ng\u00ecn n\u0103m v\u00e0 t\u00f9y v\u00e0o l\u1ecbch s\u1eed c\u1ee7a v\u00f9ng \u0111\u1ea5t \u0111\u00f3. H\u1ec5 c\u00f3 ch\u00ednh quy\u1ec1n cai tr\u1ecb ch\u1eafc ch\u1eafn s\u1ebd c\u00f3 b\u1ed9 m\u00e1y h\u00e0nh ch\u00ednh qu\u1ea3n l\u00ed c\u00e1c c\u1ea5p. \u1ede \u0111\u1ecba ph\u01b0\u01a1ng, d\u00f9 t\u00ean c\u1ea5p c\u00f3 thay \u0111\u1ed5i theo t\u1eebng th\u1eddi k\u00ec (k\u1ec3 c\u1ea3 c\u1ea5p cao nh\u1ea5t) th\u00ec \u1edf c\u1ea5p huy\u1ec7n (tr\u00ean c\u1ea5p x\u00e3, d\u01b0\u1edbi c\u1ea5p ph\u1ee7 ch\u00e2u) lu\u00f4n lu\u00f4n \u0111\u01b0\u1ee3c gi\u1eef nguy\u00ean. C\u1ea5p x\u00e3 lu\u00f4n lu\u00f4n l\u00e0 c\u1ea5p c\u01a1 s\u1edf. N\u1eafm \u0111\u01b0\u1ee3c c\u1ea5p \u1ea5y, ch\u00ednh quy\u1ec1n m\u1edbi v\u1eefng, m\u1edbi cai tr\u1ecb l\u00e2u d\u00e0i.<\/p>\n<p>Th\u00f4ng qua quy\u1ec3n s\u00e1ch \u1ea5y, c\u00e1c nh\u00e0 nghi\u00ean c\u1ee9u, h\u1ecdc gi\u1ea3 c\u00f3 th\u1ec3 t\u01b0 v\u1ea5n cho c\u00e1c c\u1ea5p ch\u00ednh quy\u1ec1n v\u1ec1 vi\u1ec7c qu\u1ea3n l\u00ed h\u00e0nh ch\u00ednh th\u1ebf n\u00e0o cho ph\u00f9 h\u1ee3p. V\u00ec b\u00e0i h\u1ecdc kinh nghi\u1ec7m c\u1ee7a t\u1ed5 ch\u1ee9c h\u00e0nh ch\u00ednh t\u1eeb ng\u00e0n x\u01b0a \u0111\u00e3 \u0111\u01b0\u1ee3c quy\u1ec3n s\u00e1ch t\u1ed5ng h\u1ee3p. C\u00e1c b\u1ea1n \u0111\u1ecdc nh\u1eadn \u0111\u01b0\u1ee3c gi\u00e1 tr\u1ecb t\u1eeb quy\u1ec3n s\u00e1ch l\u00e0 hi\u1ec3u r\u00f5 v\u1ec1 ch\u00ednh \u0111\u1ecba danh h\u00e0nh ch\u00ednh n\u01a1i m\u00ecnh sinh s\u1ed1ng, hi\u1ec3u r\u00f5 qu\u00e1 tr\u00ecnh l\u1ecbch s\u1eed c\u1ee7a n\u00f3, v\u00e0 nh\u1eefng \u0111\u1ecba danh xung quanh m\u00ecnh. \u0110\u1ec3 t\u1eeb \u0111\u00f3 th\u00eam y\u00eau qu\u00ea h\u01b0\u01a1ng, \u0111\u1ea5t n\u01b0\u1edbc.<\/p>\n<p>L\u00e3nh th\u1ed5 Vi\u1ec7t Nam qua bao th\u1ebf k\u1ef7 m\u1edbi \u0111\u01b0\u1ee3c nh\u01b0 h\u00f4m nay l\u00e0 m\u1ed9t b\u00e0i h\u1ecdc qu\u00fd gi\u00e1 cho th\u1ebf h\u1ec7. Th\u00f4ng qua nh\u1eefng \u0111\u1eb7c \u0111i\u1ec3m n\u1ed5i b\u1eadt c\u1ee7a l\u00e3nh th\u1ed5 Vi\u1ec7t Nam m\u00e0 h\u1ecdc gi\u1ea3 \u0110\u00e0o Duy Anh \u0111\u00e3 r\u00fat ra, b\u1ea1n \u0111\u1ecdc c\u00f3 th\u1ec3 hi\u1ec3u r\u1eb1ng, c\u00f4ng cu\u1ed9c Nam ti\u1ebfn, m\u1edf r\u1ed9ng l\u00e3nh th\u1ed5 v\u00e0 x\u00e1c l\u1eadp ch\u1ee7 quy\u1ec1n l\u00e0 y\u00eau c\u1ea7u t\u1ea5t y\u1ebfu c\u1ee7a l\u1ecbch s\u1eed. C\u00e1c b\u1ea1n \u0111\u1ecdc s\u1ebd am hi\u1ec3u v\u00e0 t\u0103ng th\u00eam t\u00ecnh y\u00eau \u0111\u1ea5t n\u01b0\u1edbc, qu\u00ea h\u01b0\u01a1ng m\u00ecnh \u0111ang sinh s\u1ed1ng v\u00e0 l\u00e0m vi\u1ec7c. D\u00f9 cu\u1ed9c s\u1ed1ng c\u00f3 b\u1ed9n b\u1ec1 \u0111\u1ebfn m\u1ea5y, d\u00e0nh ch\u00fat th\u1eddi gian m\u00e0 \u0111\u1ecdc v\u00e0 c\u1ea3m nh\u1eadn quy\u1ec3n s\u00e1ch s\u1ebd gi\u00fap cho b\u1ea1n \u0111\u1ecdc c\u00e0ng c\u00f3 \u0111\u1ed9ng l\u1ef1c \u0111\u1ec3 l\u00e0m vi\u1ec7c h\u01a1n.<\/p>\n","protected":false},"excerpt":{"rendered":"<h1 class=\"entry-title\">\u201c\u0110\u1ea5t n\u01b0\u1edbc Vi\u1ec7t Nam qua c\u00e1c \u0111\u1eddi\u201d \u2013 \u0111\u00f4i \u0111i\u1ec1u v\u1ec1 c\u00f4ng tr\u00ecnh nghi\u00ean c\u1ee9u \u0111\u1ecba l\u00ed h\u00e0nh ch\u00ednh c\u00f4ng phu b\u1eadc nh\u1ea5t hi\u1ec7n nay<\/h1>\n<p>C\u00f4ng tr\u00ecnh n\u00e0y t\u1eadp trung nghi\u00ean c\u1ee9u \u0111\u1ecba l\u00fd h\u00e0nh ch\u00ednh \u0111\u1ec3 nh\u1eadn \u0111\u1ecbnh c\u01b0\u01a1ng v\u1ef1c c\u1ee7a n\u01b0\u1edbc Vi\u1ec7t Nam v\u00e0 v\u1ecb tr\u00ed c\u00e1c khu v\u1ef1c h\u00e0nh ch\u00ednh tr\u1ea3i qua c\u00e1c \u0111\u1eddi, t\u1eeb th\u1eddi V\u0103n Lang, \u00c2u L\u1ea1c, qua th\u1eddi k\u1ef3 B\u1eafc thu\u1ed9c, tr\u1ea3i \u0111\u1ebfn th\u1eddi t\u1ef1 ch\u1ee7 v\u00e0 cho \u0111\u1ebfn th\u1eddi nh\u00e0 Nguy\u1ec5n. V\u1edbi c\u00f4ng t\u00e1c nghi\u00ean c\u1ee9u c\u00f4ng phu, kh\u1ed1i l\u01b0\u1ee3ng s\u00e1ch tham kh\u1ea3o \u0111\u1ed3 s\u1ed9, \u0110\u00e0o Duy Anh \u0111\u00e3 v\u1ebd n\u00ean b\u1ee9c tranh r\u1ed9ng l\u1edbn, m\u00f4 t\u1ea3 s\u1ef1 ph\u00e1t tri\u1ec3n v\u00e0 bi\u1ebfn \u0111\u1ed5i c\u1ee7a l\u00e3nh th\u1ed5 Vi\u1ec7t Nam k\u00e9o d\u00e0i su\u1ed1t g\u1ea7n hai thi\u00ean ni\u00ean k\u1ef7, khi\u1ebfn c\u00f4ng tr\u00ecnh tr\u1edf th\u00e0nh m\u1ed9t nghi\u00ean c\u1ee9u \u0111\u1ea7y \u0111\u1ee7 nh\u1ea5t, h\u1ec7 th\u1ed1ng nh\u1ea5t v\u1ec1 l\u00e3nh th\u1ed5 Vi\u1ec7t Nam trong th\u1ebf k\u1ef7 XX.<\/p>\n","protected":false},"featured_media":367,"comment_status":"open","ping_status":"closed","template":"","meta":[],"product_cat":[28],"product_tag":[],"class_list":["post-366","product","type-product","status-publish","has-post-thumbnail","hentry","product_cat-sach-lich-su"],"_links":{"self":[{"href":"https:\/\/bookscollective.vn\/index.php\/wp-json\/wp\/v2\/product\/366","targetHints":{"allow":["GET"]}}],"collection":[{"href":"https:\/\/bookscollective.vn\/index.php\/wp-json\/wp\/v2\/product"}],"about":[{"href":"https:\/\/bookscollective.vn\/index.php\/wp-json\/wp\/v2\/types\/product"}],"replies":[{"embeddable":true,"href":"https:\/\/bookscollective.vn\/index.php\/wp-json\/wp\/v2\/comments?post=366"}],"wp:featuredmedia":[{"embeddable":true,"href":"https:\/\/bookscollective.vn\/index.php\/wp-json\/wp\/v2\/media\/367"}],"wp:attachment":[{"href":"https:\/\/bookscollective.vn\/index.php\/wp-json\/wp\/v2\/media?parent=366"}],"wp:term":[{"taxonomy":"product_cat","embeddable":true,"href":"https:\/\/bookscollective.vn\/index.php\/wp-json\/wp\/v2\/product_cat?post=366"},{"taxonomy":"product_tag","embeddable":true,"href":"https:\/\/bookscollective.vn\/index.php\/wp-json\/wp\/v2\/product_tag?post=366"}],"curies":[{"name":"wp","href":"https:\/\/api.w.org\/{rel}","templated":true}]}}